{"id":1716,"date":"2025-06-01T19:04:28","date_gmt":"2025-06-01T19:04:28","guid":{"rendered":"https:\/\/agriomac.com.br\/loja\/?post_type=product&#038;p=1716"},"modified":"2025-06-02T23:15:01","modified_gmt":"2025-06-02T23:15:01","slug":"mola-suporte-barra-412973","status":"publish","type":"product","link":"https:\/\/agriomac.com.br\/loja\/produto\/mola-suporte-barra-412973\/","title":{"rendered":"MOLA SUPORTE BARRA 412973"},"content":{"rendered":"<p data-start=\"1758\" data-end=\"1983\">A Mola Suporte de Barra 412973 \u00e9 respons\u00e1vel por manter a estabilidade da barra de implementos agr\u00edcolas. Produzida em a\u00e7o mola, suporta press\u00e3o constante e movimenta\u00e7\u00f5es repetitivas sem deforma\u00e7\u00f5es.<\/p>\n<p data-start=\"1985\" data-end=\"2014\"><strong data-start=\"1985\" data-end=\"2014\">Caracter\u00edsticas t\u00e9cnicas:<\/strong><\/p>\n<ul data-start=\"2016\" data-end=\"2269\">\n<li data-start=\"2016\" data-end=\"2048\">\n<p data-start=\"2018\" data-end=\"2048\"><strong data-start=\"2018\" data-end=\"2027\">Tipo:<\/strong> Mola de compress\u00e3o<\/p>\n<\/li>\n<li data-start=\"2049\" data-end=\"2071\">\n<p data-start=\"2051\" data-end=\"2071\"><strong data-start=\"2051\" data-end=\"2062\">C\u00f3digo:<\/strong> 412973<\/p>\n<\/li>\n<li data-start=\"2072\" data-end=\"2109\">\n<p data-start=\"2074\" data-end=\"2109\"><strong data-start=\"2074\" data-end=\"2087\">Material:<\/strong> A\u00e7o carbono tratado<\/p>\n<\/li>\n<li data-start=\"2110\" data-end=\"2152\">\n<p data-start=\"2112\" data-end=\"2152\"><strong data-start=\"2112\" data-end=\"2128\">Comprimento:<\/strong> Padr\u00e3o do equipamento<\/p>\n<\/li>\n<li data-start=\"2153\" data-end=\"2194\">\n<p data-start=\"2155\" data-end=\"2194\"><strong data-start=\"2155\" data-end=\"2170\">Acabamento:<\/strong> Pintura eletrost\u00e1tica<\/p>\n<\/li>\n<li data-start=\"2195\" data-end=\"2269\">\n<p data-start=\"2197\" data-end=\"2269\"><strong data-start=\"2197\" data-end=\"2212\">Aplica\u00e7\u00f5es:<\/strong> Plantadeiras, barras de pulveriza\u00e7\u00e3o, suportes agr\u00edcolas<\/p>\n<\/li>\n<\/ul>\n","protected":false},"excerpt":{"rendered":"<p data-start=\"1651\" data-end=\"1756\">Mola do suporte de barra 412973 \u2013 Componente de sustenta\u00e7\u00e3o com alta durabilidade.<\/p>\n<p data-start=\"1758\" data-end=\"1983\">\n","protected":false},"featured_media":1789,"comment_status":"open","ping_status":"closed","template":"","meta":{"_price":"90","_stock":"2","_tribe_ticket_header":"","_tribe_default_ticket_provider":"","_tribe_ticket_capacity":"2","_ticket_start_date":"","_ticket_end_date":"","_tribe_ticket_show_description":"","_tribe_ticket_show_not_going":false,"_tribe_ticket_use_global_stock":"","_tribe_ticket_global_stock_level":"","_global_stock_mode":"","_global_stock_cap":"","_tribe_rsvp_for_event":"","_tribe_ticket_going_count":"","_tribe_ticket_not_going_count":"","_tribe_tickets_list":"[]","_tribe_ticket_has_attendee_info_fields":false,"_EventAllDay":false,"_EventTimezone":"","_EventStartDate":"","_EventEndDate":"","_EventStartDateUTC":"","_EventEndDateUTC":"","_EventShowMap":false,"_EventShowMapLink":false,"_EventURL":"","_EventCost":"","_EventCostDescription":"","_EventCurrencySymbol":"","_EventCurrencyCode":"","_EventCurrencyPosition":"","_EventDateTimeSeparator":"","_EventTimeRangeSeparator":"","_EventOrganizerID":[],"_EventVenueID":[],"_OrganizerEmail":"","_OrganizerPhone":"","_OrganizerWebsite":"","_VenueAddress":"","_VenueCity":"","_VenueCountry":"","_VenueProvince":"","_VenueState":"","_VenueZip":"","_VenuePhone":"","_VenueURL":"","_VenueStateProvince":"","_VenueLat":"","_VenueLng":"","_VenueShowMap":false,"_VenueShowMapLink":false},"product_brand":[],"product_cat":[44],"product_tag":[],"class_list":{"0":"post-1716","1":"product","2":"type-product","3":"status-publish","4":"has-post-thumbnail","6":"product_cat-pecasimplementosagricolas","8":"first","9":"instock","10":"shipping-taxable","11":"purchasable","12":"product-type-simple"},"jetpack_sharing_enabled":true,"_links":{"self":[{"href":"https:\/\/agriomac.com.br\/loja\/wp-json\/wp\/v2\/product\/1716","targetHints":{"allow":["GET"]}}],"collection":[{"href":"https:\/\/agriomac.com.br\/loja\/wp-json\/wp\/v2\/product"}],"about":[{"href":"https:\/\/agriomac.com.br\/loja\/wp-json\/wp\/v2\/types\/product"}],"replies":[{"embeddable":true,"href":"https:\/\/agriomac.com.br\/loja\/wp-json\/wp\/v2\/comments?post=1716"}],"version-history":[{"count":2,"href":"https:\/\/agriomac.com.br\/loja\/wp-json\/wp\/v2\/product\/1716\/revisions"}],"predecessor-version":[{"id":1790,"href":"https:\/\/agriomac.com.br\/loja\/wp-json\/wp\/v2\/product\/1716\/revisions\/1790"}],"wp:featuredmedia":[{"embeddable":true,"href":"https:\/\/agriomac.com.br\/loja\/wp-json\/wp\/v2\/media\/1789"}],"wp:attachment":[{"href":"https:\/\/agriomac.com.br\/loja\/wp-json\/wp\/v2\/media?parent=1716"}],"wp:term":[{"taxonomy":"product_brand","embeddable":true,"href":"https:\/\/agriomac.com.br\/loja\/wp-json\/wp\/v2\/product_brand?post=1716"},{"taxonomy":"product_cat","embeddable":true,"href":"https:\/\/agriomac.com.br\/loja\/wp-json\/wp\/v2\/product_cat?post=1716"},{"taxonomy":"product_tag","embeddable":true,"href":"https:\/\/agriomac.com.br\/loja\/wp-json\/wp\/v2\/product_tag?post=1716"}],"curies":[{"name":"wp","href":"https:\/\/api.w.org\/{rel}","templated":true}]}}