{"id":1720,"date":"2025-06-01T19:06:45","date_gmt":"2025-06-01T19:06:45","guid":{"rendered":"https:\/\/agriomac.com.br\/loja\/?post_type=product&#038;p=1720"},"modified":"2025-06-02T23:14:53","modified_gmt":"2025-06-02T23:14:53","slug":"mola-de-compressao-023x10x57","status":"publish","type":"product","link":"https:\/\/agriomac.com.br\/loja\/produto\/mola-de-compressao-023x10x57\/","title":{"rendered":"MOLA DE COMPRESS\u00c3O 023X10X57"},"content":{"rendered":"<p data-start=\"3084\" data-end=\"3319\">Com dimens\u00f5es reduzidas e for\u00e7a controlada, a Mola de Compress\u00e3o 023X10X57 \u00e9 ideal para mecanismos de retorno ou amortecimento em m\u00e1quinas agr\u00edcolas compactas. Garante longa vida \u00fatil com resist\u00eancia \u00e0 fadiga.<\/p>\n<p data-start=\"3321\" data-end=\"3350\"><strong data-start=\"3321\" data-end=\"3350\">Caracter\u00edsticas t\u00e9cnicas:<\/strong><\/p>\n<ul data-start=\"3352\" data-end=\"3611\">\n<li data-start=\"3352\" data-end=\"3384\">\n<p data-start=\"3354\" data-end=\"3384\"><strong data-start=\"3354\" data-end=\"3363\">Tipo:<\/strong> Mola de compress\u00e3o<\/p>\n<\/li>\n<li data-start=\"3385\" data-end=\"3410\">\n<p data-start=\"3387\" data-end=\"3410\"><strong data-start=\"3387\" data-end=\"3398\">C\u00f3digo:<\/strong> 104505<\/p>\n<\/li>\n<li data-start=\"3411\" data-end=\"3442\">\n<p data-start=\"3413\" data-end=\"3442\"><strong data-start=\"3413\" data-end=\"3434\">Di\u00e2metro externo:<\/strong> 10 mm<\/p>\n<\/li>\n<li data-start=\"3443\" data-end=\"3469\">\n<p data-start=\"3445\" data-end=\"3469\"><strong data-start=\"3445\" data-end=\"3461\">Comprimento:<\/strong> 57 mm<\/p>\n<\/li>\n<li data-start=\"3470\" data-end=\"3489\">\n<p data-start=\"3472\" data-end=\"3489\"><strong data-start=\"3472\" data-end=\"3480\">Fio:<\/strong> 2,3 mm<\/p>\n<\/li>\n<li data-start=\"3490\" data-end=\"3516\">\n<p data-start=\"3492\" data-end=\"3516\"><strong data-start=\"3492\" data-end=\"3505\">Material:<\/strong> A\u00e7o mola<\/p>\n<\/li>\n<li data-start=\"3517\" data-end=\"3611\">\n<p data-start=\"3519\" data-end=\"3611\"><strong data-start=\"3519\" data-end=\"3534\">Aplica\u00e7\u00f5es:<\/strong> Mecanismos internos de retorno, amortecedores leves, sistemas de ajuste fino<\/p>\n<\/li>\n<\/ul>\n","protected":false},"excerpt":{"rendered":"<p data-start=\"2962\" data-end=\"3082\">Mola de compress\u00e3o 023X10X57 \u2013 Ideal para aplica\u00e7\u00f5es de pequeno porte com excelente elasticidade.<\/p>\n<p data-start=\"3084\" data-end=\"3319\">\n","protected":false},"featured_media":1771,"comment_status":"open","ping_status":"closed","template":"","meta":{"_price":"3.06","_stock":"2","_tribe_ticket_header":"","_tribe_default_ticket_provider":"","_tribe_ticket_capacity":"2","_ticket_start_date":"","_ticket_end_date":"","_tribe_ticket_show_description":"","_tribe_ticket_show_not_going":false,"_tribe_ticket_use_global_stock":"","_tribe_ticket_global_stock_level":"","_global_stock_mode":"","_global_stock_cap":"","_tribe_rsvp_for_event":"","_tribe_ticket_going_count":"","_tribe_ticket_not_going_count":"","_tribe_tickets_list":"[]","_tribe_ticket_has_attendee_info_fields":false,"_EventAllDay":false,"_EventTimezone":"","_EventStartDate":"","_EventEndDate":"","_EventStartDateUTC":"","_EventEndDateUTC":"","_EventShowMap":false,"_EventShowMapLink":false,"_EventURL":"","_EventCost":"","_EventCostDescription":"","_EventCurrencySymbol":"","_EventCurrencyCode":"","_EventCurrencyPosition":"","_EventDateTimeSeparator":"","_EventTimeRangeSeparator":"","_EventOrganizerID":[],"_EventVenueID":[],"_OrganizerEmail":"","_OrganizerPhone":"","_OrganizerWebsite":"","_VenueAddress":"","_VenueCity":"","_VenueCountry":"","_VenueProvince":"","_VenueState":"","_VenueZip":"","_VenuePhone":"","_VenueURL":"","_VenueStateProvince":"","_VenueLat":"","_VenueLng":"","_VenueShowMap":false,"_VenueShowMapLink":false},"product_brand":[],"product_cat":[44],"product_tag":[],"class_list":{"0":"post-1720","1":"product","2":"type-product","3":"status-publish","4":"has-post-thumbnail","6":"product_cat-pecasimplementosagricolas","8":"first","9":"instock","10":"shipping-taxable","11":"purchasable","12":"product-type-simple"},"jetpack_sharing_enabled":true,"_links":{"self":[{"href":"https:\/\/agriomac.com.br\/loja\/wp-json\/wp\/v2\/product\/1720","targetHints":{"allow":["GET"]}}],"collection":[{"href":"https:\/\/agriomac.com.br\/loja\/wp-json\/wp\/v2\/product"}],"about":[{"href":"https:\/\/agriomac.com.br\/loja\/wp-json\/wp\/v2\/types\/product"}],"replies":[{"embeddable":true,"href":"https:\/\/agriomac.com.br\/loja\/wp-json\/wp\/v2\/comments?post=1720"}],"version-history":[{"count":2,"href":"https:\/\/agriomac.com.br\/loja\/wp-json\/wp\/v2\/product\/1720\/revisions"}],"predecessor-version":[{"id":1722,"href":"https:\/\/agriomac.com.br\/loja\/wp-json\/wp\/v2\/product\/1720\/revisions\/1722"}],"wp:featuredmedia":[{"embeddable":true,"href":"https:\/\/agriomac.com.br\/loja\/wp-json\/wp\/v2\/media\/1771"}],"wp:attachment":[{"href":"https:\/\/agriomac.com.br\/loja\/wp-json\/wp\/v2\/media?parent=1720"}],"wp:term":[{"taxonomy":"product_brand","embeddable":true,"href":"https:\/\/agriomac.com.br\/loja\/wp-json\/wp\/v2\/product_brand?post=1720"},{"taxonomy":"product_cat","embeddable":true,"href":"https:\/\/agriomac.com.br\/loja\/wp-json\/wp\/v2\/product_cat?post=1720"},{"taxonomy":"product_tag","embeddable":true,"href":"https:\/\/agriomac.com.br\/loja\/wp-json\/wp\/v2\/product_tag?post=1720"}],"curies":[{"name":"wp","href":"https:\/\/api.w.org\/{rel}","templated":true}]}}