{"id":1723,"date":"2025-06-01T19:07:42","date_gmt":"2025-06-01T19:07:42","guid":{"rendered":"https:\/\/agriomac.com.br\/loja\/?post_type=product&#038;p=1723"},"modified":"2025-06-02T23:14:16","modified_gmt":"2025-06-02T23:14:16","slug":"mola-128652","status":"publish","type":"product","link":"https:\/\/agriomac.com.br\/loja\/produto\/mola-128652\/","title":{"rendered":"MOLA 128652"},"content":{"rendered":"<p data-start=\"3763\" data-end=\"3999\">A Mola 128652 \u00e9 utilizada como pe\u00e7a de reposi\u00e7\u00e3o em diversos tipos de implementos agr\u00edcolas. Com formato helicoidal, \u00e9 constru\u00edda em a\u00e7o de alta qualidade para suportar tra\u00e7\u00e3o ou compress\u00e3o, conforme o sistema.<\/p>\n<p data-start=\"4001\" data-end=\"4030\"><strong data-start=\"4001\" data-end=\"4030\">Caracter\u00edsticas t\u00e9cnicas:<\/strong><\/p>\n<ul data-start=\"4032\" data-end=\"4273\">\n<li data-start=\"4032\" data-end=\"4075\">\n<p data-start=\"4034\" data-end=\"4075\"><strong data-start=\"4034\" data-end=\"4043\">Tipo:<\/strong> Mola helicoidal (uso variado)<\/p>\n<\/li>\n<li data-start=\"4076\" data-end=\"4098\">\n<p data-start=\"4078\" data-end=\"4098\"><strong data-start=\"4078\" data-end=\"4089\">C\u00f3digo:<\/strong> 128652<\/p>\n<\/li>\n<li data-start=\"4099\" data-end=\"4125\">\n<p data-start=\"4101\" data-end=\"4125\"><strong data-start=\"4101\" data-end=\"4114\">Material:<\/strong> A\u00e7o mola<\/p>\n<\/li>\n<li data-start=\"4126\" data-end=\"4164\">\n<p data-start=\"4128\" data-end=\"4164\"><strong data-start=\"4128\" data-end=\"4143\">Acabamento:<\/strong> Pintura industrial<\/p>\n<\/li>\n<li data-start=\"4165\" data-end=\"4273\">\n<p data-start=\"4167\" data-end=\"4273\"><strong data-start=\"4167\" data-end=\"4182\">Aplica\u00e7\u00f5es:<\/strong> Ajustes mec\u00e2nicos, articula\u00e7\u00f5es de bra\u00e7os, amortecimentos gerais em tratores e implementos<\/p>\n<\/li>\n<\/ul>\n","protected":false},"excerpt":{"rendered":"<p data-start=\"3641\" data-end=\"3761\">Mola 128652 \u2013 Componente de reposi\u00e7\u00e3o vers\u00e1til para aplica\u00e7\u00f5es diversas em implementos agr\u00edcolas.<\/p>\n<p data-start=\"3763\" data-end=\"3999\">\n","protected":false},"featured_media":1788,"comment_status":"open","ping_status":"closed","template":"","meta":{"_price":"17","_stock":"10","_tribe_ticket_header":"","_tribe_default_ticket_provider":"","_tribe_ticket_capacity":"10","_ticket_start_date":"","_ticket_end_date":"","_tribe_ticket_show_description":"","_tribe_ticket_show_not_going":false,"_tribe_ticket_use_global_stock":"","_tribe_ticket_global_stock_level":"","_global_stock_mode":"","_global_stock_cap":"","_tribe_rsvp_for_event":"","_tribe_ticket_going_count":"","_tribe_ticket_not_going_count":"","_tribe_tickets_list":"[]","_tribe_ticket_has_attendee_info_fields":false,"_EventAllDay":false,"_EventTimezone":"","_EventStartDate":"","_EventEndDate":"","_EventStartDateUTC":"","_EventEndDateUTC":"","_EventShowMap":false,"_EventShowMapLink":false,"_EventURL":"","_EventCost":"","_EventCostDescription":"","_EventCurrencySymbol":"","_EventCurrencyCode":"","_EventCurrencyPosition":"","_EventDateTimeSeparator":"","_EventTimeRangeSeparator":"","_EventOrganizerID":[],"_EventVenueID":[],"_OrganizerEmail":"","_OrganizerPhone":"","_OrganizerWebsite":"","_VenueAddress":"","_VenueCity":"","_VenueCountry":"","_VenueProvince":"","_VenueState":"","_VenueZip":"","_VenuePhone":"","_VenueURL":"","_VenueStateProvince":"","_VenueLat":"","_VenueLng":"","_VenueShowMap":false,"_VenueShowMapLink":false},"product_brand":[],"product_cat":[44],"product_tag":[],"class_list":{"0":"post-1723","1":"product","2":"type-product","3":"status-publish","4":"has-post-thumbnail","6":"product_cat-pecasimplementosagricolas","8":"first","9":"instock","10":"shipping-taxable","11":"purchasable","12":"product-type-simple"},"jetpack_sharing_enabled":true,"_links":{"self":[{"href":"https:\/\/agriomac.com.br\/loja\/wp-json\/wp\/v2\/product\/1723","targetHints":{"allow":["GET"]}}],"collection":[{"href":"https:\/\/agriomac.com.br\/loja\/wp-json\/wp\/v2\/product"}],"about":[{"href":"https:\/\/agriomac.com.br\/loja\/wp-json\/wp\/v2\/types\/product"}],"replies":[{"embeddable":true,"href":"https:\/\/agriomac.com.br\/loja\/wp-json\/wp\/v2\/comments?post=1723"}],"version-history":[{"count":1,"href":"https:\/\/agriomac.com.br\/loja\/wp-json\/wp\/v2\/product\/1723\/revisions"}],"predecessor-version":[{"id":1724,"href":"https:\/\/agriomac.com.br\/loja\/wp-json\/wp\/v2\/product\/1723\/revisions\/1724"}],"wp:featuredmedia":[{"embeddable":true,"href":"https:\/\/agriomac.com.br\/loja\/wp-json\/wp\/v2\/media\/1788"}],"wp:attachment":[{"href":"https:\/\/agriomac.com.br\/loja\/wp-json\/wp\/v2\/media?parent=1723"}],"wp:term":[{"taxonomy":"product_brand","embeddable":true,"href":"https:\/\/agriomac.com.br\/loja\/wp-json\/wp\/v2\/product_brand?post=1723"},{"taxonomy":"product_cat","embeddable":true,"href":"https:\/\/agriomac.com.br\/loja\/wp-json\/wp\/v2\/product_cat?post=1723"},{"taxonomy":"product_tag","embeddable":true,"href":"https:\/\/agriomac.com.br\/loja\/wp-json\/wp\/v2\/product_tag?post=1723"}],"curies":[{"name":"wp","href":"https:\/\/api.w.org\/{rel}","templated":true}]}}