{"id":1740,"date":"2025-06-01T19:21:36","date_gmt":"2025-06-01T19:21:36","guid":{"rendered":"https:\/\/agriomac.com.br\/loja\/?post_type=product&#038;p=1740"},"modified":"2025-06-02T23:13:19","modified_gmt":"2025-06-02T23:13:19","slug":"mola-de-tracao-44-52x260x4-76","status":"publish","type":"product","link":"https:\/\/agriomac.com.br\/loja\/produto\/mola-de-tracao-44-52x260x4-76\/","title":{"rendered":"MOLA DE TRA\u00c7\u00c3O 44.52X260X4.76"},"content":{"rendered":"<p data-start=\"4510\" data-end=\"4678\">Indicada para uso em equipamentos robustos, essa mola proporciona retorno firme em bra\u00e7os e eixos com necessidade de for\u00e7a el\u00e1stica constante.<\/p>\n<p data-start=\"4680\" data-end=\"4709\"><strong data-start=\"4680\" data-end=\"4709\">Caracter\u00edsticas t\u00e9cnicas:<\/strong><\/p>\n<ul data-start=\"4711\" data-end=\"4919\">\n<li data-start=\"4711\" data-end=\"4739\">\n<p data-start=\"4713\" data-end=\"4739\"><strong data-start=\"4713\" data-end=\"4722\">Tipo:<\/strong> Mola de tra\u00e7\u00e3o<\/p>\n<\/li>\n<li data-start=\"4740\" data-end=\"4812\">\n<p data-start=\"4742\" data-end=\"4812\"><strong data-start=\"4742\" data-end=\"4756\">Dimens\u00f5es:<\/strong> 0503030024<\/p>\n<\/li>\n<li data-start=\"4813\" data-end=\"4854\">\n<p data-start=\"4815\" data-end=\"4854\"><strong data-start=\"4815\" data-end=\"4828\">Material:<\/strong> A\u00e7o especial para molas<\/p>\n<\/li>\n<li data-start=\"4855\" data-end=\"4919\">\n<p data-start=\"4857\" data-end=\"4919\"><strong data-start=\"4857\" data-end=\"4872\">Aplica\u00e7\u00f5es:<\/strong> Retorno de bra\u00e7os de implementos, eixos m\u00f3veis<\/p>\n<\/li>\n<\/ul>\n","protected":false},"excerpt":{"rendered":"<p data-start=\"4392\" data-end=\"4508\">Mola de tra\u00e7\u00e3o 44.52x260x4.76 \u2013 Alta resist\u00eancia com tra\u00e7\u00e3o precisa para implementos pesados.<\/p>\n<p data-start=\"4510\" data-end=\"4678\">\n","protected":false},"featured_media":1772,"comment_status":"open","ping_status":"closed","template":"","meta":{"_price":"52.60","_stock":"2","_tribe_ticket_header":"","_tribe_default_ticket_provider":"","_tribe_ticket_capacity":"2","_ticket_start_date":"","_ticket_end_date":"","_tribe_ticket_show_description":"","_tribe_ticket_show_not_going":false,"_tribe_ticket_use_global_stock":"","_tribe_ticket_global_stock_level":"","_global_stock_mode":"","_global_stock_cap":"","_tribe_rsvp_for_event":"","_tribe_ticket_going_count":"","_tribe_ticket_not_going_count":"","_tribe_tickets_list":"[]","_tribe_ticket_has_attendee_info_fields":false,"_EventAllDay":false,"_EventTimezone":"","_EventStartDate":"","_EventEndDate":"","_EventStartDateUTC":"","_EventEndDateUTC":"","_EventShowMap":false,"_EventShowMapLink":false,"_EventURL":"","_EventCost":"","_EventCostDescription":"","_EventCurrencySymbol":"","_EventCurrencyCode":"","_EventCurrencyPosition":"","_EventDateTimeSeparator":"","_EventTimeRangeSeparator":"","_EventOrganizerID":[],"_EventVenueID":[],"_OrganizerEmail":"","_OrganizerPhone":"","_OrganizerWebsite":"","_VenueAddress":"","_VenueCity":"","_VenueCountry":"","_VenueProvince":"","_VenueState":"","_VenueZip":"","_VenuePhone":"","_VenueURL":"","_VenueStateProvince":"","_VenueLat":"","_VenueLng":"","_VenueShowMap":false,"_VenueShowMapLink":false},"product_brand":[],"product_cat":[44],"product_tag":[],"class_list":{"0":"post-1740","1":"product","2":"type-product","3":"status-publish","4":"has-post-thumbnail","6":"product_cat-pecasimplementosagricolas","8":"first","9":"instock","10":"shipping-taxable","11":"purchasable","12":"product-type-simple"},"jetpack_sharing_enabled":true,"_links":{"self":[{"href":"https:\/\/agriomac.com.br\/loja\/wp-json\/wp\/v2\/product\/1740","targetHints":{"allow":["GET"]}}],"collection":[{"href":"https:\/\/agriomac.com.br\/loja\/wp-json\/wp\/v2\/product"}],"about":[{"href":"https:\/\/agriomac.com.br\/loja\/wp-json\/wp\/v2\/types\/product"}],"replies":[{"embeddable":true,"href":"https:\/\/agriomac.com.br\/loja\/wp-json\/wp\/v2\/comments?post=1740"}],"version-history":[{"count":2,"href":"https:\/\/agriomac.com.br\/loja\/wp-json\/wp\/v2\/product\/1740\/revisions"}],"predecessor-version":[{"id":1753,"href":"https:\/\/agriomac.com.br\/loja\/wp-json\/wp\/v2\/product\/1740\/revisions\/1753"}],"wp:featuredmedia":[{"embeddable":true,"href":"https:\/\/agriomac.com.br\/loja\/wp-json\/wp\/v2\/media\/1772"}],"wp:attachment":[{"href":"https:\/\/agriomac.com.br\/loja\/wp-json\/wp\/v2\/media?parent=1740"}],"wp:term":[{"taxonomy":"product_brand","embeddable":true,"href":"https:\/\/agriomac.com.br\/loja\/wp-json\/wp\/v2\/product_brand?post=1740"},{"taxonomy":"product_cat","embeddable":true,"href":"https:\/\/agriomac.com.br\/loja\/wp-json\/wp\/v2\/product_cat?post=1740"},{"taxonomy":"product_tag","embeddable":true,"href":"https:\/\/agriomac.com.br\/loja\/wp-json\/wp\/v2\/product_tag?post=1740"}],"curies":[{"name":"wp","href":"https:\/\/api.w.org\/{rel}","templated":true}]}}