{"id":1764,"date":"2025-06-01T19:34:57","date_gmt":"2025-06-01T19:34:57","guid":{"rendered":"https:\/\/agriomac.com.br\/loja\/?post_type=product&#038;p=1764"},"modified":"2025-06-02T23:09:40","modified_gmt":"2025-06-02T23:09:40","slug":"mola-25230010","status":"publish","type":"product","link":"https:\/\/agriomac.com.br\/loja\/produto\/mola-25230010\/","title":{"rendered":"MOLA 25230010"},"content":{"rendered":"<p data-start=\"10220\" data-end=\"10413\">A Mola 25230010 pode ser usada em diversos pontos de implementos agr\u00edcolas que requerem compress\u00e3o ou tra\u00e7\u00e3o, oferecendo longa durabilidade mesmo em condi\u00e7\u00f5es severas.<\/p>\n<p data-start=\"10415\" data-end=\"10444\"><strong data-start=\"10415\" data-end=\"10444\">Caracter\u00edsticas t\u00e9cnicas:<\/strong><\/p>\n<ul data-start=\"10446\" data-end=\"10633\">\n<li data-start=\"10446\" data-end=\"10475\">\n<p data-start=\"10448\" data-end=\"10475\"><strong data-start=\"10448\" data-end=\"10457\">Tipo:<\/strong> Mola helicoidal<\/p>\n<\/li>\n<li data-start=\"10476\" data-end=\"10500\">\n<p data-start=\"10478\" data-end=\"10500\"><strong data-start=\"10478\" data-end=\"10489\">C\u00f3digo:<\/strong> 25230010<\/p>\n<\/li>\n<li data-start=\"10501\" data-end=\"10527\">\n<p data-start=\"10503\" data-end=\"10527\"><strong data-start=\"10503\" data-end=\"10516\">Material:<\/strong> A\u00e7o mola<\/p>\n<\/li>\n<li data-start=\"10528\" data-end=\"10555\">\n<p data-start=\"10530\" data-end=\"10555\"><strong data-start=\"10530\" data-end=\"10545\">Acabamento:<\/strong> Zincado<\/p>\n<\/li>\n<li data-start=\"10556\" data-end=\"10633\">\n<p data-start=\"10558\" data-end=\"10633\"><strong data-start=\"10558\" data-end=\"10573\">Aplica\u00e7\u00f5es:<\/strong> Diversos tipos de implementos agr\u00edcolas e ajustes mec\u00e2nicos<\/p>\n<\/li>\n<\/ul>\n","protected":false},"excerpt":{"rendered":"<p data-start=\"10122\" data-end=\"10218\">Mola 25230010 \u2013 Vers\u00e1til e resistente para diversas aplica\u00e7\u00f5es agr\u00edcolas.<\/p>\n<p data-start=\"10220\" data-end=\"10413\">\n","protected":false},"featured_media":1773,"comment_status":"open","ping_status":"closed","template":"","meta":{"_price":"72.56","_stock":"2","_tribe_ticket_header":"","_tribe_default_ticket_provider":"","_tribe_ticket_capacity":"2","_ticket_start_date":"","_ticket_end_date":"","_tribe_ticket_show_description":"","_tribe_ticket_show_not_going":false,"_tribe_ticket_use_global_stock":"","_tribe_ticket_global_stock_level":"","_global_stock_mode":"","_global_stock_cap":"","_tribe_rsvp_for_event":"","_tribe_ticket_going_count":"","_tribe_ticket_not_going_count":"","_tribe_tickets_list":"[]","_tribe_ticket_has_attendee_info_fields":false,"_EventAllDay":false,"_EventTimezone":"","_EventStartDate":"","_EventEndDate":"","_EventStartDateUTC":"","_EventEndDateUTC":"","_EventShowMap":false,"_EventShowMapLink":false,"_EventURL":"","_EventCost":"","_EventCostDescription":"","_EventCurrencySymbol":"","_EventCurrencyCode":"","_EventCurrencyPosition":"","_EventDateTimeSeparator":"","_EventTimeRangeSeparator":"","_EventOrganizerID":[],"_EventVenueID":[],"_OrganizerEmail":"","_OrganizerPhone":"","_OrganizerWebsite":"","_VenueAddress":"","_VenueCity":"","_VenueCountry":"","_VenueProvince":"","_VenueState":"","_VenueZip":"","_VenuePhone":"","_VenueURL":"","_VenueStateProvince":"","_VenueLat":"","_VenueLng":"","_VenueShowMap":false,"_VenueShowMapLink":false},"product_brand":[],"product_cat":[44],"product_tag":[],"class_list":{"0":"post-1764","1":"product","2":"type-product","3":"status-publish","4":"has-post-thumbnail","6":"product_cat-pecasimplementosagricolas","8":"first","9":"instock","10":"shipping-taxable","11":"purchasable","12":"product-type-simple"},"jetpack_sharing_enabled":true,"_links":{"self":[{"href":"https:\/\/agriomac.com.br\/loja\/wp-json\/wp\/v2\/product\/1764","targetHints":{"allow":["GET"]}}],"collection":[{"href":"https:\/\/agriomac.com.br\/loja\/wp-json\/wp\/v2\/product"}],"about":[{"href":"https:\/\/agriomac.com.br\/loja\/wp-json\/wp\/v2\/types\/product"}],"replies":[{"embeddable":true,"href":"https:\/\/agriomac.com.br\/loja\/wp-json\/wp\/v2\/comments?post=1764"}],"version-history":[{"count":1,"href":"https:\/\/agriomac.com.br\/loja\/wp-json\/wp\/v2\/product\/1764\/revisions"}],"predecessor-version":[{"id":1765,"href":"https:\/\/agriomac.com.br\/loja\/wp-json\/wp\/v2\/product\/1764\/revisions\/1765"}],"wp:featuredmedia":[{"embeddable":true,"href":"https:\/\/agriomac.com.br\/loja\/wp-json\/wp\/v2\/media\/1773"}],"wp:attachment":[{"href":"https:\/\/agriomac.com.br\/loja\/wp-json\/wp\/v2\/media?parent=1764"}],"wp:term":[{"taxonomy":"product_brand","embeddable":true,"href":"https:\/\/agriomac.com.br\/loja\/wp-json\/wp\/v2\/product_brand?post=1764"},{"taxonomy":"product_cat","embeddable":true,"href":"https:\/\/agriomac.com.br\/loja\/wp-json\/wp\/v2\/product_cat?post=1764"},{"taxonomy":"product_tag","embeddable":true,"href":"https:\/\/agriomac.com.br\/loja\/wp-json\/wp\/v2\/product_tag?post=1764"}],"curies":[{"name":"wp","href":"https:\/\/api.w.org\/{rel}","templated":true}]}}