{"id":1867,"date":"2025-06-03T01:35:25","date_gmt":"2025-06-03T01:35:25","guid":{"rendered":"https:\/\/agriomac.com.br\/loja\/?post_type=product&#038;p=1867"},"modified":"2025-07-22T13:46:55","modified_gmt":"2025-07-22T13:46:55","slug":"mangote-telescopio-csul","status":"publish","type":"product","link":"https:\/\/agriomac.com.br\/loja\/produto\/mangote-telescopio-csul\/","title":{"rendered":"MANGOTE TELESCOPIO CSUL"},"content":{"rendered":"<p data-start=\"6049\" data-end=\"6275\">O Mangote Telesc\u00f3pio CSUL \u00e9 um tubo flex\u00edvel e resistente, projetado para absorver movimentos entre partes m\u00f3veis do sistema de condu\u00e7\u00e3o. Utilizado para ligar telesc\u00f3pios a bocais ou condutores fixos.<\/p>\n<p data-start=\"6277\" data-end=\"6306\"><strong data-start=\"6277\" data-end=\"6306\">Caracter\u00edsticas t\u00e9cnicas:<\/strong><\/p>\n<ul data-start=\"6308\" data-end=\"6540\">\n<li data-start=\"6308\" data-end=\"6338\">\n<p data-start=\"6310\" data-end=\"6338\"><strong data-start=\"6310\" data-end=\"6319\">Tipo:<\/strong> Mangote flex\u00edvel<\/p>\n<\/li>\n<li data-start=\"6339\" data-end=\"6367\">\n<p data-start=\"6341\" data-end=\"6367\"><strong data-start=\"6341\" data-end=\"6357\">Comprimento:<\/strong> ~150 mm<\/p>\n<\/li>\n<li data-start=\"6368\" data-end=\"6428\">\n<p data-start=\"6370\" data-end=\"6428\"><strong data-start=\"6370\" data-end=\"6383\">Material:<\/strong> Borracha refor\u00e7ada ou polietileno flex\u00edvel<\/p>\n<\/li>\n<li data-start=\"6429\" data-end=\"6465\">\n<p data-start=\"6431\" data-end=\"6465\"><strong data-start=\"6431\" data-end=\"6446\">Acabamento:<\/strong> Sanfonado, preto<\/p>\n<\/li>\n<li data-start=\"6466\" data-end=\"6540\">\n<p data-start=\"6468\" data-end=\"6540\"><strong data-start=\"6468\" data-end=\"6483\">Aplica\u00e7\u00f5es:<\/strong> Integra\u00e7\u00e3o entre telesc\u00f3pio e condutor de semente\/adubo.<\/p>\n<\/li>\n<\/ul>\n","protected":false},"excerpt":{"rendered":"<p data-start=\"5928\" data-end=\"6047\">Mangote Telesc\u00f3pio CSUL \u2013 Mangueira flex\u00edvel para conex\u00e3o entre tubos telesc\u00f3picos e condutores.<\/p>\n<p data-start=\"6049\" data-end=\"6275\">\n","protected":false},"featured_media":1872,"comment_status":"open","ping_status":"closed","template":"","meta":{"_price":"10.13","_stock":"10","_tribe_ticket_header":"","_tribe_default_ticket_provider":"","_tribe_ticket_capacity":"15","_ticket_start_date":"","_ticket_end_date":"","_tribe_ticket_show_description":"","_tribe_ticket_show_not_going":false,"_tribe_ticket_use_global_stock":"","_tribe_ticket_global_stock_level":"","_global_stock_mode":"","_global_stock_cap":"","_tribe_rsvp_for_event":"","_tribe_ticket_going_count":"","_tribe_ticket_not_going_count":"","_tribe_tickets_list":"[]","_tribe_ticket_has_attendee_info_fields":false,"_EventAllDay":false,"_EventTimezone":"","_EventStartDate":"","_EventEndDate":"","_EventStartDateUTC":"","_EventEndDateUTC":"","_EventShowMap":false,"_EventShowMapLink":false,"_EventURL":"","_EventCost":"","_EventCostDescription":"","_EventCurrencySymbol":"","_EventCurrencyCode":"","_EventCurrencyPosition":"","_EventDateTimeSeparator":"","_EventTimeRangeSeparator":"","_EventOrganizerID":[],"_EventVenueID":[],"_OrganizerEmail":"","_OrganizerPhone":"","_OrganizerWebsite":"","_VenueAddress":"","_VenueCity":"","_VenueCountry":"","_VenueProvince":"","_VenueState":"","_VenueZip":"","_VenuePhone":"","_VenueURL":"","_VenueStateProvince":"","_VenueLat":"","_VenueLng":"","_VenueShowMap":false,"_VenueShowMapLink":false},"product_brand":[],"product_cat":[42],"product_tag":[],"class_list":{"0":"post-1867","1":"product","2":"type-product","3":"status-publish","4":"has-post-thumbnail","6":"product_cat-mangueiraseconexoes","8":"first","9":"instock","10":"shipping-taxable","11":"purchasable","12":"product-type-simple"},"jetpack_sharing_enabled":true,"_links":{"self":[{"href":"https:\/\/agriomac.com.br\/loja\/wp-json\/wp\/v2\/product\/1867","targetHints":{"allow":["GET"]}}],"collection":[{"href":"https:\/\/agriomac.com.br\/loja\/wp-json\/wp\/v2\/product"}],"about":[{"href":"https:\/\/agriomac.com.br\/loja\/wp-json\/wp\/v2\/types\/product"}],"replies":[{"embeddable":true,"href":"https:\/\/agriomac.com.br\/loja\/wp-json\/wp\/v2\/comments?post=1867"}],"version-history":[{"count":1,"href":"https:\/\/agriomac.com.br\/loja\/wp-json\/wp\/v2\/product\/1867\/revisions"}],"predecessor-version":[{"id":1868,"href":"https:\/\/agriomac.com.br\/loja\/wp-json\/wp\/v2\/product\/1867\/revisions\/1868"}],"wp:featuredmedia":[{"embeddable":true,"href":"https:\/\/agriomac.com.br\/loja\/wp-json\/wp\/v2\/media\/1872"}],"wp:attachment":[{"href":"https:\/\/agriomac.com.br\/loja\/wp-json\/wp\/v2\/media?parent=1867"}],"wp:term":[{"taxonomy":"product_brand","embeddable":true,"href":"https:\/\/agriomac.com.br\/loja\/wp-json\/wp\/v2\/product_brand?post=1867"},{"taxonomy":"product_cat","embeddable":true,"href":"https:\/\/agriomac.com.br\/loja\/wp-json\/wp\/v2\/product_cat?post=1867"},{"taxonomy":"product_tag","embeddable":true,"href":"https:\/\/agriomac.com.br\/loja\/wp-json\/wp\/v2\/product_tag?post=1867"}],"curies":[{"name":"wp","href":"https:\/\/api.w.org\/{rel}","templated":true}]}}