{"id":1889,"date":"2025-06-03T02:09:22","date_gmt":"2025-06-03T02:09:22","guid":{"rendered":"https:\/\/agriomac.com.br\/loja\/?post_type=product&#038;p=1889"},"modified":"2025-07-02T13:59:51","modified_gmt":"2025-07-02T13:59:51","slug":"mancal-pf204","status":"publish","type":"product","link":"https:\/\/agriomac.com.br\/loja\/produto\/mancal-pf204\/","title":{"rendered":"MANCAL PF204"},"content":{"rendered":"<p data-start=\"4086\" data-end=\"4299\">O Mancal Flangeado Redondo PF204 \u00e9 compacto e resistente, com fura\u00e7\u00e3o quadrada para f\u00e1cil instala\u00e7\u00e3o. Compat\u00edvel com rolamentos UC204, seu corpo em a\u00e7o oferece boa resist\u00eancia \u00e0 oxida\u00e7\u00e3o.<\/p>\n<p data-start=\"4301\" data-end=\"4330\"><strong data-start=\"4301\" data-end=\"4330\">Caracter\u00edsticas t\u00e9cnicas:<\/strong><\/p>\n<ul data-start=\"4331\" data-end=\"4548\">\n<li data-start=\"4331\" data-end=\"4363\">\n<p data-start=\"4333\" data-end=\"4363\">Tipo: Mancal flangeado redondo<\/p>\n<\/li>\n<li data-start=\"4364\" data-end=\"4412\">\n<p data-start=\"4366\" data-end=\"4412\">Compatibilidade: UC204 (di\u00e2metro interno 20mm)<\/p>\n<\/li>\n<li data-start=\"4413\" data-end=\"4438\">\n<p data-start=\"4415\" data-end=\"4438\">Material: A\u00e7o estampado<\/p>\n<\/li>\n<li data-start=\"4439\" data-end=\"4477\">\n<p data-start=\"4441\" data-end=\"4477\">Acabamento: Zincado ou bicromatizado<\/p>\n<\/li>\n<li data-start=\"4478\" data-end=\"4548\">\n<p data-start=\"4480\" data-end=\"4548\">Aplica\u00e7\u00f5es: Pequenas m\u00e1quinas, motores el\u00e9tricos, sistemas rotativos<\/p>\n<\/li>\n<\/ul>\n","protected":false},"excerpt":{"rendered":"<p data-start=\"3980\" data-end=\"4084\">Mancal PF204 \u2013 Base redonda flangeada, ideal para aplica\u00e7\u00f5es com rolamento UC204.<\/p>\n<p data-start=\"4086\" data-end=\"4299\">\n","protected":false},"featured_media":1903,"comment_status":"open","ping_status":"closed","template":"","meta":{"_price":"18","_stock":"10","_tribe_ticket_header":"","_tribe_default_ticket_provider":"","_tribe_ticket_capacity":"10","_ticket_start_date":"","_ticket_end_date":"","_tribe_ticket_show_description":"","_tribe_ticket_show_not_going":false,"_tribe_ticket_use_global_stock":"","_tribe_ticket_global_stock_level":"","_global_stock_mode":"","_global_stock_cap":"","_tribe_rsvp_for_event":"","_tribe_ticket_going_count":"","_tribe_ticket_not_going_count":"","_tribe_tickets_list":"[]","_tribe_ticket_has_attendee_info_fields":false,"_EventAllDay":false,"_EventTimezone":"","_EventStartDate":"","_EventEndDate":"","_EventStartDateUTC":"","_EventEndDateUTC":"","_EventShowMap":false,"_EventShowMapLink":false,"_EventURL":"","_EventCost":"","_EventCostDescription":"","_EventCurrencySymbol":"","_EventCurrencyCode":"","_EventCurrencyPosition":"","_EventDateTimeSeparator":"","_EventTimeRangeSeparator":"","_EventOrganizerID":[],"_EventVenueID":[],"_OrganizerEmail":"","_OrganizerPhone":"","_OrganizerWebsite":"","_VenueAddress":"","_VenueCity":"","_VenueCountry":"","_VenueProvince":"","_VenueState":"","_VenueZip":"","_VenuePhone":"","_VenueURL":"","_VenueStateProvince":"","_VenueLat":"","_VenueLng":"","_VenueShowMap":false,"_VenueShowMapLink":false},"product_brand":[],"product_cat":[71,44],"product_tag":[],"class_list":{"0":"post-1889","1":"product","2":"type-product","3":"status-publish","4":"has-post-thumbnail","6":"product_cat-mancais","7":"product_cat-pecasimplementosagricolas","9":"first","10":"instock","11":"shipping-taxable","12":"purchasable","13":"product-type-simple"},"jetpack_sharing_enabled":true,"_links":{"self":[{"href":"https:\/\/agriomac.com.br\/loja\/wp-json\/wp\/v2\/product\/1889","targetHints":{"allow":["GET"]}}],"collection":[{"href":"https:\/\/agriomac.com.br\/loja\/wp-json\/wp\/v2\/product"}],"about":[{"href":"https:\/\/agriomac.com.br\/loja\/wp-json\/wp\/v2\/types\/product"}],"replies":[{"embeddable":true,"href":"https:\/\/agriomac.com.br\/loja\/wp-json\/wp\/v2\/comments?post=1889"}],"version-history":[{"count":1,"href":"https:\/\/agriomac.com.br\/loja\/wp-json\/wp\/v2\/product\/1889\/revisions"}],"predecessor-version":[{"id":1890,"href":"https:\/\/agriomac.com.br\/loja\/wp-json\/wp\/v2\/product\/1889\/revisions\/1890"}],"wp:featuredmedia":[{"embeddable":true,"href":"https:\/\/agriomac.com.br\/loja\/wp-json\/wp\/v2\/media\/1903"}],"wp:attachment":[{"href":"https:\/\/agriomac.com.br\/loja\/wp-json\/wp\/v2\/media?parent=1889"}],"wp:term":[{"taxonomy":"product_brand","embeddable":true,"href":"https:\/\/agriomac.com.br\/loja\/wp-json\/wp\/v2\/product_brand?post=1889"},{"taxonomy":"product_cat","embeddable":true,"href":"https:\/\/agriomac.com.br\/loja\/wp-json\/wp\/v2\/product_cat?post=1889"},{"taxonomy":"product_tag","embeddable":true,"href":"https:\/\/agriomac.com.br\/loja\/wp-json\/wp\/v2\/product_tag?post=1889"}],"curies":[{"name":"wp","href":"https:\/\/api.w.org\/{rel}","templated":true}]}}