{"id":1917,"date":"2025-06-05T01:49:03","date_gmt":"2025-06-05T01:49:03","guid":{"rendered":"https:\/\/agriomac.com.br\/loja\/?post_type=product&#038;p=1917"},"modified":"2025-07-22T13:26:38","modified_gmt":"2025-07-22T13:26:38","slug":"adaptador-l-90m-1-1-16-12jic-x-f1-1-16-12jic-cod785","status":"publish","type":"product","link":"https:\/\/agriomac.com.br\/loja\/produto\/adaptador-l-90m-1-1-16-12jic-x-f1-1-16-12jic-cod785\/","title":{"rendered":"ADAPTADOR &#8220;L&#8221; 90M 1.1\/16&#8243;-12JIC X F1.1\/16&#8243;- 12JIC &#8211; COD785"},"content":{"rendered":"<p data-start=\"315\" data-end=\"707\">O Adaptador em \u201cL\u201d 90M 1.1\/16&#8243;-12JIC X F1.1\/16&#8243;-12JIC \u00e9 utilizado para realizar conex\u00f5es em \u00e2ngulo reto (90 graus) em sistemas hidr\u00e1ulicos, mantendo a estanqueidade e resist\u00eancia mec\u00e2nica. Fabricado em a\u00e7o carbono de alta resist\u00eancia e com acabamento zincado, garante durabilidade e prote\u00e7\u00e3o contra corros\u00e3o. Compat\u00edvel com conex\u00f5es JIC (Joint Industry Council) 37\u00b0.<\/p>\n<p data-start=\"709\" data-end=\"738\"><strong data-start=\"709\" data-end=\"738\">Caracter\u00edsticas t\u00e9cnicas:<\/strong><\/p>\n<ul data-start=\"739\" data-end=\"1070\">\n<li data-start=\"739\" data-end=\"787\">\n<p data-start=\"741\" data-end=\"787\">Tipo: Adaptador hidr\u00e1ulico 90\u00b0 (formato \u201cL\u201d)<\/p>\n<\/li>\n<li data-start=\"788\" data-end=\"844\">\n<p data-start=\"790\" data-end=\"844\">Conex\u00e3o: JIC macho 1.1\/16&#8243;-12 x JIC f\u00eamea 1.1\/16&#8243;-12<\/p>\n<\/li>\n<li data-start=\"845\" data-end=\"870\">\n<p data-start=\"847\" data-end=\"870\">Material: A\u00e7o carbono<\/p>\n<\/li>\n<li data-start=\"871\" data-end=\"908\">\n<p data-start=\"873\" data-end=\"908\">Acabamento: Zincado (galvanizado)<\/p>\n<\/li>\n<li data-start=\"909\" data-end=\"936\">\n<p data-start=\"911\" data-end=\"936\">Rosca: UNF (rosca fina)<\/p>\n<\/li>\n<li data-start=\"937\" data-end=\"962\">\n<p data-start=\"939\" data-end=\"962\">Veda\u00e7\u00e3o: Cone 37\u00b0 JIC<\/p>\n<\/li>\n<li data-start=\"963\" data-end=\"1070\">\n<p data-start=\"965\" data-end=\"1070\">Aplica\u00e7\u00f5es: Sistemas hidr\u00e1ulicos de alta press\u00e3o, linhas de \u00f3leo e equipamentos agr\u00edcolas ou industriais.<\/p>\n<\/li>\n<\/ul>\n","protected":false},"excerpt":{"rendered":"<p data-start=\"145\" data-end=\"313\">Adaptador hidr\u00e1ulico em \u201cL\u201d 90\u00b0, conex\u00e3o macho\/f\u00eamea JIC 1.1\/16&#8243;-12, ideal para sistemas que exigem mudan\u00e7a de dire\u00e7\u00e3o sem comprometer a veda\u00e7\u00e3o.<\/p>\n<p data-start=\"315\" data-end=\"707\">\n","protected":false},"featured_media":1939,"comment_status":"open","ping_status":"closed","template":"","meta":{"_price":"42.70","_stock":"5","_tribe_ticket_header":"","_tribe_default_ticket_provider":"","_tribe_ticket_capacity":"10","_ticket_start_date":"","_ticket_end_date":"","_tribe_ticket_show_description":"","_tribe_ticket_show_not_going":false,"_tribe_ticket_use_global_stock":"","_tribe_ticket_global_stock_level":"","_global_stock_mode":"","_global_stock_cap":"","_tribe_rsvp_for_event":"","_tribe_ticket_going_count":"","_tribe_ticket_not_going_count":"","_tribe_tickets_list":"[]","_tribe_ticket_has_attendee_info_fields":false,"_EventAllDay":false,"_EventTimezone":"","_EventStartDate":"","_EventEndDate":"","_EventStartDateUTC":"","_EventEndDateUTC":"","_EventShowMap":false,"_EventShowMapLink":false,"_EventURL":"","_EventCost":"","_EventCostDescription":"","_EventCurrencySymbol":"","_EventCurrencyCode":"","_EventCurrencyPosition":"","_EventDateTimeSeparator":"","_EventTimeRangeSeparator":"","_EventOrganizerID":[],"_EventVenueID":[],"_OrganizerEmail":"","_OrganizerPhone":"","_OrganizerWebsite":"","_VenueAddress":"","_VenueCity":"","_VenueCountry":"","_VenueProvince":"","_VenueState":"","_VenueZip":"","_VenuePhone":"","_VenueURL":"","_VenueStateProvince":"","_VenueLat":"","_VenueLng":"","_VenueShowMap":false,"_VenueShowMapLink":false},"product_brand":[],"product_cat":[42],"product_tag":[],"class_list":{"0":"post-1917","1":"product","2":"type-product","3":"status-publish","4":"has-post-thumbnail","6":"product_cat-mangueiraseconexoes","8":"first","9":"instock","10":"shipping-taxable","11":"purchasable","12":"product-type-simple"},"jetpack_sharing_enabled":true,"_links":{"self":[{"href":"https:\/\/agriomac.com.br\/loja\/wp-json\/wp\/v2\/product\/1917","targetHints":{"allow":["GET"]}}],"collection":[{"href":"https:\/\/agriomac.com.br\/loja\/wp-json\/wp\/v2\/product"}],"about":[{"href":"https:\/\/agriomac.com.br\/loja\/wp-json\/wp\/v2\/types\/product"}],"replies":[{"embeddable":true,"href":"https:\/\/agriomac.com.br\/loja\/wp-json\/wp\/v2\/comments?post=1917"}],"version-history":[{"count":1,"href":"https:\/\/agriomac.com.br\/loja\/wp-json\/wp\/v2\/product\/1917\/revisions"}],"predecessor-version":[{"id":1918,"href":"https:\/\/agriomac.com.br\/loja\/wp-json\/wp\/v2\/product\/1917\/revisions\/1918"}],"wp:featuredmedia":[{"embeddable":true,"href":"https:\/\/agriomac.com.br\/loja\/wp-json\/wp\/v2\/media\/1939"}],"wp:attachment":[{"href":"https:\/\/agriomac.com.br\/loja\/wp-json\/wp\/v2\/media?parent=1917"}],"wp:term":[{"taxonomy":"product_brand","embeddable":true,"href":"https:\/\/agriomac.com.br\/loja\/wp-json\/wp\/v2\/product_brand?post=1917"},{"taxonomy":"product_cat","embeddable":true,"href":"https:\/\/agriomac.com.br\/loja\/wp-json\/wp\/v2\/product_cat?post=1917"},{"taxonomy":"product_tag","embeddable":true,"href":"https:\/\/agriomac.com.br\/loja\/wp-json\/wp\/v2\/product_tag?post=1917"}],"curies":[{"name":"wp","href":"https:\/\/api.w.org\/{rel}","templated":true}]}}