{"id":1943,"date":"2025-06-05T01:58:48","date_gmt":"2025-06-05T01:58:48","guid":{"rendered":"https:\/\/agriomac.com.br\/loja\/?post_type=product&#038;p=1943"},"modified":"2025-06-05T02:23:11","modified_gmt":"2025-06-05T02:23:11","slug":"pino-gonzo-5-8","status":"publish","type":"product","link":"https:\/\/agriomac.com.br\/loja\/produto\/pino-gonzo-5-8\/","title":{"rendered":"PINO GONZO 5\/8"},"content":{"rendered":"<p data-start=\"1986\" data-end=\"2291\">O Pino Gonzo 5\/8&#8243; \u00e9 um componente de fixa\u00e7\u00e3o e articula\u00e7\u00e3o usado em sistemas mec\u00e2nicos que exigem rota\u00e7\u00e3o controlada, como dobradi\u00e7as de portinholas, tampas ou partes m\u00f3veis de m\u00e1quinas agr\u00edcolas. Sua constru\u00e7\u00e3o em a\u00e7o e acabamento resistente conferem confiabilidade \u00e0 estrutura.<\/p>\n<p data-start=\"2293\" data-end=\"2322\"><strong data-start=\"2293\" data-end=\"2322\">Caracter\u00edsticas t\u00e9cnicas:<\/strong><\/p>\n<ul data-start=\"2324\" data-end=\"2552\">\n<li data-start=\"2324\" data-end=\"2361\">\n<p data-start=\"2326\" data-end=\"2361\"><strong data-start=\"2326\" data-end=\"2335\">Tipo:<\/strong> Pino Gonzo (articulado)<\/p>\n<\/li>\n<li data-start=\"2362\" data-end=\"2384\">\n<p data-start=\"2364\" data-end=\"2384\"><strong data-start=\"2364\" data-end=\"2377\">Di\u00e2metro:<\/strong> 5\/8&#8243;<\/p>\n<\/li>\n<li data-start=\"2385\" data-end=\"2414\">\n<p data-start=\"2387\" data-end=\"2414\"><strong data-start=\"2387\" data-end=\"2400\">Material:<\/strong> A\u00e7o carbono<\/p>\n<\/li>\n<li data-start=\"2415\" data-end=\"2457\">\n<p data-start=\"2417\" data-end=\"2457\"><strong data-start=\"2417\" data-end=\"2432\">Acabamento:<\/strong> Zincado ou fosfatizado<\/p>\n<\/li>\n<li data-start=\"2458\" data-end=\"2552\">\n<p data-start=\"2460\" data-end=\"2552\"><strong data-start=\"2460\" data-end=\"2475\">Aplica\u00e7\u00f5es:<\/strong> Dobradi\u00e7as, tampas, sistemas articulados em tratores e implementos agr\u00edcolas<\/p>\n<\/li>\n<\/ul>\n","protected":false},"excerpt":{"rendered":"<p data-start=\"1854\" data-end=\"1984\">Pino Gonzo 5\/8&#8243; \u2013 Pino articulado utilizado em portas, tampas, dobradi\u00e7as e sistemas m\u00f3veis de implementos.<\/p>\n<p data-start=\"1986\" data-end=\"2291\">\n","protected":false},"featured_media":1970,"comment_status":"open","ping_status":"closed","template":"","meta":{"_price":"10","_stock":"10","_tribe_ticket_header":"","_tribe_default_ticket_provider":"","_tribe_ticket_capacity":"10","_ticket_start_date":"","_ticket_end_date":"","_tribe_ticket_show_description":"","_tribe_ticket_show_not_going":false,"_tribe_ticket_use_global_stock":"","_tribe_ticket_global_stock_level":"","_global_stock_mode":"","_global_stock_cap":"","_tribe_rsvp_for_event":"","_tribe_ticket_going_count":"","_tribe_ticket_not_going_count":"","_tribe_tickets_list":"[]","_tribe_ticket_has_attendee_info_fields":false,"_EventAllDay":false,"_EventTimezone":"","_EventStartDate":"","_EventEndDate":"","_EventStartDateUTC":"","_EventEndDateUTC":"","_EventShowMap":false,"_EventShowMapLink":false,"_EventURL":"","_EventCost":"","_EventCostDescription":"","_EventCurrencySymbol":"","_EventCurrencyCode":"","_EventCurrencyPosition":"","_EventDateTimeSeparator":"","_EventTimeRangeSeparator":"","_EventOrganizerID":[],"_EventVenueID":[],"_OrganizerEmail":"","_OrganizerPhone":"","_OrganizerWebsite":"","_VenueAddress":"","_VenueCity":"","_VenueCountry":"","_VenueProvince":"","_VenueState":"","_VenueZip":"","_VenuePhone":"","_VenueURL":"","_VenueStateProvince":"","_VenueLat":"","_VenueLng":"","_VenueShowMap":false,"_VenueShowMapLink":false},"product_brand":[],"product_cat":[38],"product_tag":[],"class_list":{"0":"post-1943","1":"product","2":"type-product","3":"status-publish","4":"has-post-thumbnail","6":"product_cat-pinosebuchas","8":"first","9":"instock","10":"shipping-taxable","11":"purchasable","12":"product-type-simple"},"jetpack_sharing_enabled":true,"_links":{"self":[{"href":"https:\/\/agriomac.com.br\/loja\/wp-json\/wp\/v2\/product\/1943","targetHints":{"allow":["GET"]}}],"collection":[{"href":"https:\/\/agriomac.com.br\/loja\/wp-json\/wp\/v2\/product"}],"about":[{"href":"https:\/\/agriomac.com.br\/loja\/wp-json\/wp\/v2\/types\/product"}],"replies":[{"embeddable":true,"href":"https:\/\/agriomac.com.br\/loja\/wp-json\/wp\/v2\/comments?post=1943"}],"version-history":[{"count":1,"href":"https:\/\/agriomac.com.br\/loja\/wp-json\/wp\/v2\/product\/1943\/revisions"}],"predecessor-version":[{"id":1944,"href":"https:\/\/agriomac.com.br\/loja\/wp-json\/wp\/v2\/product\/1943\/revisions\/1944"}],"wp:featuredmedia":[{"embeddable":true,"href":"https:\/\/agriomac.com.br\/loja\/wp-json\/wp\/v2\/media\/1970"}],"wp:attachment":[{"href":"https:\/\/agriomac.com.br\/loja\/wp-json\/wp\/v2\/media?parent=1943"}],"wp:term":[{"taxonomy":"product_brand","embeddable":true,"href":"https:\/\/agriomac.com.br\/loja\/wp-json\/wp\/v2\/product_brand?post=1943"},{"taxonomy":"product_cat","embeddable":true,"href":"https:\/\/agriomac.com.br\/loja\/wp-json\/wp\/v2\/product_cat?post=1943"},{"taxonomy":"product_tag","embeddable":true,"href":"https:\/\/agriomac.com.br\/loja\/wp-json\/wp\/v2\/product_tag?post=1943"}],"curies":[{"name":"wp","href":"https:\/\/api.w.org\/{rel}","templated":true}]}}