{"id":1948,"date":"2025-06-05T02:00:06","date_gmt":"2025-06-05T02:00:06","guid":{"rendered":"https:\/\/agriomac.com.br\/loja\/?post_type=product&#038;p=1948"},"modified":"2025-06-17T00:30:34","modified_gmt":"2025-06-17T00:30:34","slug":"contrapino-3-16-x-2","status":"publish","type":"product","link":"https:\/\/agriomac.com.br\/loja\/produto\/contrapino-3-16-x-2\/","title":{"rendered":"CONTRAPINO 3\/16 X 2"},"content":{"rendered":"<p data-start=\"3436\" data-end=\"3747\">O contrapino 3\/16&#8243; x 2&#8243; \u00e9 utilizado para evitar o afrouxamento de componentes mec\u00e2nicos como porcas, eixos e pinos. Sua aplica\u00e7\u00e3o \u00e9 simples, confi\u00e1vel e amplamente usada em equipamentos agr\u00edcolas e industriais. Fabricado em a\u00e7o galvanizado, garante resist\u00eancia \u00e0 oxida\u00e7\u00e3o e \u00e0 vibra\u00e7\u00e3o.<\/p>\n<p data-start=\"3749\" data-end=\"3778\"><strong data-start=\"3749\" data-end=\"3778\">Caracter\u00edsticas t\u00e9cnicas:<\/strong><\/p>\n<ul data-start=\"3780\" data-end=\"3993\">\n<li data-start=\"3780\" data-end=\"3804\">\n<p data-start=\"3782\" data-end=\"3804\"><strong data-start=\"3782\" data-end=\"3791\">Tipo:<\/strong> Contrapino<\/p>\n<\/li>\n<li data-start=\"3805\" data-end=\"3828\">\n<p data-start=\"3807\" data-end=\"3828\"><strong data-start=\"3807\" data-end=\"3820\">Di\u00e2metro:<\/strong> 3\/16&#8243;<\/p>\n<\/li>\n<li data-start=\"3829\" data-end=\"3852\">\n<p data-start=\"3831\" data-end=\"3852\"><strong data-start=\"3831\" data-end=\"3847\">Comprimento:<\/strong> 2&#8243;<\/p>\n<\/li>\n<li data-start=\"3853\" data-end=\"3886\">\n<p data-start=\"3855\" data-end=\"3886\"><strong data-start=\"3855\" data-end=\"3868\">Material:<\/strong> A\u00e7o galvanizado<\/p>\n<\/li>\n<li data-start=\"3887\" data-end=\"3914\">\n<p data-start=\"3889\" data-end=\"3914\"><strong data-start=\"3889\" data-end=\"3904\">Acabamento:<\/strong> Zincado<\/p>\n<\/li>\n<li data-start=\"3915\" data-end=\"3993\">\n<p data-start=\"3917\" data-end=\"3993\"><strong data-start=\"3917\" data-end=\"3932\">Aplica\u00e7\u00f5es:<\/strong> Sistemas de seguran\u00e7a mec\u00e2nica, travamento de porcas e eixos<\/p>\n<\/li>\n<\/ul>\n","protected":false},"excerpt":{"rendered":"<p data-start=\"3315\" data-end=\"3434\">Contrapino met\u00e1lico 3\/16&#8243; x 2&#8243; \u2013 Elemento de seguran\u00e7a para travamento de componentes mec\u00e2nicos.<\/p>\n<p data-start=\"3436\" data-end=\"3747\">\n","protected":false},"featured_media":1966,"comment_status":"open","ping_status":"closed","template":"","meta":{"_price":"4.99","_stock":"10","_tribe_ticket_header":"","_tribe_default_ticket_provider":"","_tribe_ticket_capacity":"10","_ticket_start_date":"","_ticket_end_date":"","_tribe_ticket_show_description":"","_tribe_ticket_show_not_going":false,"_tribe_ticket_use_global_stock":"","_tribe_ticket_global_stock_level":"","_global_stock_mode":"","_global_stock_cap":"","_tribe_rsvp_for_event":"","_tribe_ticket_going_count":"","_tribe_ticket_not_going_count":"","_tribe_tickets_list":"[]","_tribe_ticket_has_attendee_info_fields":false,"_EventAllDay":false,"_EventTimezone":"","_EventStartDate":"","_EventEndDate":"","_EventStartDateUTC":"","_EventEndDateUTC":"","_EventShowMap":false,"_EventShowMapLink":false,"_EventURL":"","_EventCost":"","_EventCostDescription":"","_EventCurrencySymbol":"","_EventCurrencyCode":"","_EventCurrencyPosition":"","_EventDateTimeSeparator":"","_EventTimeRangeSeparator":"","_EventOrganizerID":[],"_EventVenueID":[],"_OrganizerEmail":"","_OrganizerPhone":"","_OrganizerWebsite":"","_VenueAddress":"","_VenueCity":"","_VenueCountry":"","_VenueProvince":"","_VenueState":"","_VenueZip":"","_VenuePhone":"","_VenueURL":"","_VenueStateProvince":"","_VenueLat":"","_VenueLng":"","_VenueShowMap":false,"_VenueShowMapLink":false},"product_brand":[],"product_cat":[38],"product_tag":[],"class_list":{"0":"post-1948","1":"product","2":"type-product","3":"status-publish","4":"has-post-thumbnail","6":"product_cat-pinosebuchas","8":"first","9":"instock","10":"shipping-taxable","11":"purchasable","12":"product-type-simple"},"jetpack_sharing_enabled":true,"_links":{"self":[{"href":"https:\/\/agriomac.com.br\/loja\/wp-json\/wp\/v2\/product\/1948","targetHints":{"allow":["GET"]}}],"collection":[{"href":"https:\/\/agriomac.com.br\/loja\/wp-json\/wp\/v2\/product"}],"about":[{"href":"https:\/\/agriomac.com.br\/loja\/wp-json\/wp\/v2\/types\/product"}],"replies":[{"embeddable":true,"href":"https:\/\/agriomac.com.br\/loja\/wp-json\/wp\/v2\/comments?post=1948"}],"version-history":[{"count":1,"href":"https:\/\/agriomac.com.br\/loja\/wp-json\/wp\/v2\/product\/1948\/revisions"}],"predecessor-version":[{"id":1949,"href":"https:\/\/agriomac.com.br\/loja\/wp-json\/wp\/v2\/product\/1948\/revisions\/1949"}],"wp:featuredmedia":[{"embeddable":true,"href":"https:\/\/agriomac.com.br\/loja\/wp-json\/wp\/v2\/media\/1966"}],"wp:attachment":[{"href":"https:\/\/agriomac.com.br\/loja\/wp-json\/wp\/v2\/media?parent=1948"}],"wp:term":[{"taxonomy":"product_brand","embeddable":true,"href":"https:\/\/agriomac.com.br\/loja\/wp-json\/wp\/v2\/product_brand?post=1948"},{"taxonomy":"product_cat","embeddable":true,"href":"https:\/\/agriomac.com.br\/loja\/wp-json\/wp\/v2\/product_cat?post=1948"},{"taxonomy":"product_tag","embeddable":true,"href":"https:\/\/agriomac.com.br\/loja\/wp-json\/wp\/v2\/product_tag?post=1948"}],"curies":[{"name":"wp","href":"https:\/\/api.w.org\/{rel}","templated":true}]}}