{"id":1993,"date":"2025-06-06T02:28:33","date_gmt":"2025-06-06T02:28:33","guid":{"rendered":"https:\/\/agriomac.com.br\/loja\/?post_type=product&#038;p=1993"},"modified":"2025-06-06T02:33:53","modified_gmt":"2025-06-06T02:33:53","slug":"quebra-dedo-3-8-x-50","status":"publish","type":"product","link":"https:\/\/agriomac.com.br\/loja\/produto\/quebra-dedo-3-8-x-50\/","title":{"rendered":"QUEBRA DEDO 3\/8 X 50"},"content":{"rendered":"<p data-start=\"2747\" data-end=\"2990\">O Quebra Dedo 3\/8&#8243; x 50 \u00e9 um pino articulado com trava circular, ideal para fixa\u00e7\u00e3o de pe\u00e7as m\u00f3veis ou acoplamentos r\u00e1pidos. Com acabamento zincado, oferece excelente resist\u00eancia \u00e0 oxida\u00e7\u00e3o em uso externo e frequente.<\/p>\n<p data-start=\"2992\" data-end=\"3021\"><strong data-start=\"2992\" data-end=\"3021\">Caracter\u00edsticas t\u00e9cnicas:<\/strong><\/p>\n<ul data-start=\"3023\" data-end=\"3289\">\n<li data-start=\"3023\" data-end=\"3073\">\n<p data-start=\"3025\" data-end=\"3073\"><strong data-start=\"3025\" data-end=\"3034\">Tipo:<\/strong> Pino com trava de anel (quebra dedo)<\/p>\n<\/li>\n<li data-start=\"3074\" data-end=\"3113\">\n<p data-start=\"3076\" data-end=\"3113\"><strong data-start=\"3076\" data-end=\"3097\">Di\u00e2metro do pino:<\/strong> 3\/8&#8243; (9,52mm)<\/p>\n<\/li>\n<li data-start=\"3114\" data-end=\"3144\">\n<p data-start=\"3116\" data-end=\"3144\"><strong data-start=\"3116\" data-end=\"3137\">Comprimento \u00fatil:<\/strong> 50mm<\/p>\n<\/li>\n<li data-start=\"3145\" data-end=\"3174\">\n<p data-start=\"3147\" data-end=\"3174\"><strong data-start=\"3147\" data-end=\"3160\">Material:<\/strong> A\u00e7o carbono<\/p>\n<\/li>\n<li data-start=\"3175\" data-end=\"3210\">\n<p data-start=\"3177\" data-end=\"3210\"><strong data-start=\"3177\" data-end=\"3192\">Acabamento:<\/strong> Zincado amarelo<\/p>\n<\/li>\n<li data-start=\"3211\" data-end=\"3289\">\n<p data-start=\"3213\" data-end=\"3289\"><strong data-start=\"3213\" data-end=\"3228\">Aplica\u00e7\u00f5es:<\/strong> Implementos agr\u00edcolas, travas de rodas, suportes articulados<\/p>\n<\/li>\n<\/ul>\n","protected":false},"excerpt":{"rendered":"<p data-start=\"2629\" data-end=\"2745\">Pino quebra dedo 3\/8&#8243; x 50mm \u2013 Pino de travamento r\u00e1pido com anel para implementos agr\u00edcolas.<\/p>\n<p data-start=\"2747\" data-end=\"2990\">\n","protected":false},"featured_media":1983,"comment_status":"open","ping_status":"closed","template":"","meta":{"_price":"8.68","_stock":"10","_tribe_ticket_header":"","_tribe_default_ticket_provider":"","_tribe_ticket_capacity":"10","_ticket_start_date":"","_ticket_end_date":"","_tribe_ticket_show_description":"","_tribe_ticket_show_not_going":false,"_tribe_ticket_use_global_stock":"","_tribe_ticket_global_stock_level":"","_global_stock_mode":"","_global_stock_cap":"","_tribe_rsvp_for_event":"","_tribe_ticket_going_count":"","_tribe_ticket_not_going_count":"","_tribe_tickets_list":"[]","_tribe_ticket_has_attendee_info_fields":false,"_EventAllDay":false,"_EventTimezone":"","_EventStartDate":"","_EventEndDate":"","_EventStartDateUTC":"","_EventEndDateUTC":"","_EventShowMap":false,"_EventShowMapLink":false,"_EventURL":"","_EventCost":"","_EventCostDescription":"","_EventCurrencySymbol":"","_EventCurrencyCode":"","_EventCurrencyPosition":"","_EventDateTimeSeparator":"","_EventTimeRangeSeparator":"","_EventOrganizerID":[],"_EventVenueID":[],"_OrganizerEmail":"","_OrganizerPhone":"","_OrganizerWebsite":"","_VenueAddress":"","_VenueCity":"","_VenueCountry":"","_VenueProvince":"","_VenueState":"","_VenueZip":"","_VenuePhone":"","_VenueURL":"","_VenueStateProvince":"","_VenueLat":"","_VenueLng":"","_VenueShowMap":false,"_VenueShowMapLink":false},"product_brand":[],"product_cat":[38],"product_tag":[],"class_list":{"0":"post-1993","1":"product","2":"type-product","3":"status-publish","4":"has-post-thumbnail","6":"product_cat-pinosebuchas","8":"first","9":"instock","10":"shipping-taxable","11":"purchasable","12":"product-type-simple"},"jetpack_sharing_enabled":true,"_links":{"self":[{"href":"https:\/\/agriomac.com.br\/loja\/wp-json\/wp\/v2\/product\/1993","targetHints":{"allow":["GET"]}}],"collection":[{"href":"https:\/\/agriomac.com.br\/loja\/wp-json\/wp\/v2\/product"}],"about":[{"href":"https:\/\/agriomac.com.br\/loja\/wp-json\/wp\/v2\/types\/product"}],"replies":[{"embeddable":true,"href":"https:\/\/agriomac.com.br\/loja\/wp-json\/wp\/v2\/comments?post=1993"}],"version-history":[{"count":1,"href":"https:\/\/agriomac.com.br\/loja\/wp-json\/wp\/v2\/product\/1993\/revisions"}],"predecessor-version":[{"id":1994,"href":"https:\/\/agriomac.com.br\/loja\/wp-json\/wp\/v2\/product\/1993\/revisions\/1994"}],"wp:featuredmedia":[{"embeddable":true,"href":"https:\/\/agriomac.com.br\/loja\/wp-json\/wp\/v2\/media\/1983"}],"wp:attachment":[{"href":"https:\/\/agriomac.com.br\/loja\/wp-json\/wp\/v2\/media?parent=1993"}],"wp:term":[{"taxonomy":"product_brand","embeddable":true,"href":"https:\/\/agriomac.com.br\/loja\/wp-json\/wp\/v2\/product_brand?post=1993"},{"taxonomy":"product_cat","embeddable":true,"href":"https:\/\/agriomac.com.br\/loja\/wp-json\/wp\/v2\/product_cat?post=1993"},{"taxonomy":"product_tag","embeddable":true,"href":"https:\/\/agriomac.com.br\/loja\/wp-json\/wp\/v2\/product_tag?post=1993"}],"curies":[{"name":"wp","href":"https:\/\/api.w.org\/{rel}","templated":true}]}}