{"id":2026,"date":"2025-06-06T02:42:44","date_gmt":"2025-06-06T02:42:44","guid":{"rendered":"https:\/\/agriomac.com.br\/loja\/?post_type=product&#038;p=2026"},"modified":"2025-06-06T02:52:54","modified_gmt":"2025-06-06T02:52:54","slug":"dedo-retratil-temperado-849808892","status":"publish","type":"product","link":"https:\/\/agriomac.com.br\/loja\/produto\/dedo-retratil-temperado-849808892\/","title":{"rendered":"DEDO RETRATIL TEMPERADO 849808892"},"content":{"rendered":"<p data-start=\"6577\" data-end=\"6783\">O modelo 849808892 \u00e9 um dedo retr\u00e1til projetado para atuar de forma eficiente no recolhimento de culturas, com material refor\u00e7ado e tratamento t\u00e9rmico que aumenta sua durabilidade.<\/p>\n<p data-start=\"6785\" data-end=\"6814\"><strong data-start=\"6785\" data-end=\"6814\">Caracter\u00edsticas t\u00e9cnicas:<\/strong><\/p>\n<ul data-start=\"6816\" data-end=\"7021\">\n<li data-start=\"6816\" data-end=\"6843\">\n<p data-start=\"6818\" data-end=\"6843\"><strong data-start=\"6818\" data-end=\"6827\">Tipo:<\/strong> Dedo retr\u00e1til<\/p>\n<\/li>\n<li data-start=\"6844\" data-end=\"6869\">\n<p data-start=\"6846\" data-end=\"6869\"><strong data-start=\"6846\" data-end=\"6857\">C\u00f3digo:<\/strong> 849808892<\/p>\n<\/li>\n<li data-start=\"6870\" data-end=\"6901\">\n<p data-start=\"6872\" data-end=\"6901\"><strong data-start=\"6872\" data-end=\"6885\">Material:<\/strong> A\u00e7o temperado<\/p>\n<\/li>\n<li data-start=\"6902\" data-end=\"6954\">\n<p data-start=\"6904\" data-end=\"6954\"><strong data-start=\"6904\" data-end=\"6919\">Acabamento:<\/strong> T\u00e9rmico e superficial resistente<\/p>\n<\/li>\n<li data-start=\"6955\" data-end=\"7021\">\n<p data-start=\"6957\" data-end=\"7021\"><strong data-start=\"6957\" data-end=\"6972\">Aplica\u00e7\u00f5es:<\/strong> Sistemas de recolhimento e plataformas agr\u00edcolas<\/p>\n<\/li>\n<\/ul>\n","protected":false},"excerpt":{"rendered":"<p data-start=\"6477\" data-end=\"6575\">Dedo retr\u00e1til temperado 849808892 \u2013 Ideal para plataformas de recolhimento.<\/p>\n<p data-start=\"6577\" data-end=\"6783\">\n","protected":false},"featured_media":2013,"comment_status":"open","ping_status":"closed","template":"","meta":{"_price":"26.70","_stock":"15","_tribe_ticket_header":"","_tribe_default_ticket_provider":"","_tribe_ticket_capacity":"15","_ticket_start_date":"","_ticket_end_date":"","_tribe_ticket_show_description":"","_tribe_ticket_show_not_going":false,"_tribe_ticket_use_global_stock":"","_tribe_ticket_global_stock_level":"","_global_stock_mode":"","_global_stock_cap":"","_tribe_rsvp_for_event":"","_tribe_ticket_going_count":"","_tribe_ticket_not_going_count":"","_tribe_tickets_list":"[]","_tribe_ticket_has_attendee_info_fields":false,"_EventAllDay":false,"_EventTimezone":"","_EventStartDate":"","_EventEndDate":"","_EventStartDateUTC":"","_EventEndDateUTC":"","_EventShowMap":false,"_EventShowMapLink":false,"_EventURL":"","_EventCost":"","_EventCostDescription":"","_EventCurrencySymbol":"","_EventCurrencyCode":"","_EventCurrencyPosition":"","_EventDateTimeSeparator":"","_EventTimeRangeSeparator":"","_EventOrganizerID":[],"_EventVenueID":[],"_OrganizerEmail":"","_OrganizerPhone":"","_OrganizerWebsite":"","_VenueAddress":"","_VenueCity":"","_VenueCountry":"","_VenueProvince":"","_VenueState":"","_VenueZip":"","_VenuePhone":"","_VenueURL":"","_VenueStateProvince":"","_VenueLat":"","_VenueLng":"","_VenueShowMap":false,"_VenueShowMapLink":false},"product_brand":[],"product_cat":[44],"product_tag":[],"class_list":{"0":"post-2026","1":"product","2":"type-product","3":"status-publish","4":"has-post-thumbnail","6":"product_cat-pecasimplementosagricolas","8":"first","9":"instock","10":"shipping-taxable","11":"purchasable","12":"product-type-simple"},"jetpack_sharing_enabled":true,"_links":{"self":[{"href":"https:\/\/agriomac.com.br\/loja\/wp-json\/wp\/v2\/product\/2026","targetHints":{"allow":["GET"]}}],"collection":[{"href":"https:\/\/agriomac.com.br\/loja\/wp-json\/wp\/v2\/product"}],"about":[{"href":"https:\/\/agriomac.com.br\/loja\/wp-json\/wp\/v2\/types\/product"}],"replies":[{"embeddable":true,"href":"https:\/\/agriomac.com.br\/loja\/wp-json\/wp\/v2\/comments?post=2026"}],"version-history":[{"count":1,"href":"https:\/\/agriomac.com.br\/loja\/wp-json\/wp\/v2\/product\/2026\/revisions"}],"predecessor-version":[{"id":2027,"href":"https:\/\/agriomac.com.br\/loja\/wp-json\/wp\/v2\/product\/2026\/revisions\/2027"}],"wp:featuredmedia":[{"embeddable":true,"href":"https:\/\/agriomac.com.br\/loja\/wp-json\/wp\/v2\/media\/2013"}],"wp:attachment":[{"href":"https:\/\/agriomac.com.br\/loja\/wp-json\/wp\/v2\/media?parent=2026"}],"wp:term":[{"taxonomy":"product_brand","embeddable":true,"href":"https:\/\/agriomac.com.br\/loja\/wp-json\/wp\/v2\/product_brand?post=2026"},{"taxonomy":"product_cat","embeddable":true,"href":"https:\/\/agriomac.com.br\/loja\/wp-json\/wp\/v2\/product_cat?post=2026"},{"taxonomy":"product_tag","embeddable":true,"href":"https:\/\/agriomac.com.br\/loja\/wp-json\/wp\/v2\/product_tag?post=2026"}],"curies":[{"name":"wp","href":"https:\/\/api.w.org\/{rel}","templated":true}]}}