{"id":2069,"date":"2025-06-06T03:48:36","date_gmt":"2025-06-06T03:48:36","guid":{"rendered":"https:\/\/agriomac.com.br\/loja\/?post_type=product&#038;p=2069"},"modified":"2025-06-06T15:59:41","modified_gmt":"2025-06-06T15:59:41","slug":"terminal-macho-1-npt-cr-3-4-cod60h","status":"publish","type":"product","link":"https:\/\/agriomac.com.br\/loja\/produto\/terminal-macho-1-npt-cr-3-4-cod60h\/","title":{"rendered":"TERMINAL MACHO 1&#8243; NPT CR 3\/4&#8243; &#8211; COD60H"},"content":{"rendered":"<p data-start=\"2554\" data-end=\"2742\">Utilizado em linhas hidr\u00e1ulicas com padr\u00e3o de rosca c\u00f4nica NPT 1&#8243;, esse terminal permite conex\u00e3o firme com mangueiras de 3\/4&#8243;, oferecendo estanqueidade eficiente.<\/p>\n<p data-start=\"2744\" data-end=\"2773\"><strong data-start=\"2744\" data-end=\"2773\">Caracter\u00edsticas t\u00e9cnicas:<\/strong><\/p>\n<ul data-start=\"2774\" data-end=\"2901\">\n<li data-start=\"2774\" data-end=\"2803\">\n<p data-start=\"2776\" data-end=\"2803\">Tipo: Terminal macho reto<\/p>\n<\/li>\n<li data-start=\"2804\" data-end=\"2821\">\n<p data-start=\"2806\" data-end=\"2821\">Rosca: NPT 1&#8243;<\/p>\n<\/li>\n<li data-start=\"2822\" data-end=\"2841\">\n<p data-start=\"2824\" data-end=\"2841\">Mangueira: 3\/4&#8243;<\/p>\n<\/li>\n<li data-start=\"2842\" data-end=\"2901\">\n<p data-start=\"2844\" data-end=\"2901\">Aplica\u00e7\u00f5es: Linhas hidr\u00e1ulicas, \u00f3leo, fluidos industriais<\/p>\n<\/li>\n<\/ul>\n","protected":false},"excerpt":{"rendered":"<p data-start=\"2477\" data-end=\"2552\">Terminal macho com rosca NPT 1\u201d para mangueira 3\/4&#8243;.<\/p>\n<p data-start=\"2554\" data-end=\"2742\">\n","protected":false},"featured_media":2101,"comment_status":"open","ping_status":"closed","template":"","meta":{"_price":"49.50","_stock":"10","_tribe_ticket_header":"","_tribe_default_ticket_provider":"","_tribe_ticket_capacity":"10","_ticket_start_date":"","_ticket_end_date":"","_tribe_ticket_show_description":"","_tribe_ticket_show_not_going":false,"_tribe_ticket_use_global_stock":"","_tribe_ticket_global_stock_level":"","_global_stock_mode":"","_global_stock_cap":"","_tribe_rsvp_for_event":"","_tribe_ticket_going_count":"","_tribe_ticket_not_going_count":"","_tribe_tickets_list":"[]","_tribe_ticket_has_attendee_info_fields":false,"_EventAllDay":false,"_EventTimezone":"","_EventStartDate":"","_EventEndDate":"","_EventStartDateUTC":"","_EventEndDateUTC":"","_EventShowMap":false,"_EventShowMapLink":false,"_EventURL":"","_EventCost":"","_EventCostDescription":"","_EventCurrencySymbol":"","_EventCurrencyCode":"","_EventCurrencyPosition":"","_EventDateTimeSeparator":"","_EventTimeRangeSeparator":"","_EventOrganizerID":[],"_EventVenueID":[],"_OrganizerEmail":"","_OrganizerPhone":"","_OrganizerWebsite":"","_VenueAddress":"","_VenueCity":"","_VenueCountry":"","_VenueProvince":"","_VenueState":"","_VenueZip":"","_VenuePhone":"","_VenueURL":"","_VenueStateProvince":"","_VenueLat":"","_VenueLng":"","_VenueShowMap":false,"_VenueShowMapLink":false},"product_brand":[],"product_cat":[42],"product_tag":[],"class_list":{"0":"post-2069","1":"product","2":"type-product","3":"status-publish","4":"has-post-thumbnail","6":"product_cat-mangueiraseconexoes","8":"first","9":"instock","10":"shipping-taxable","11":"purchasable","12":"product-type-simple"},"jetpack_sharing_enabled":true,"_links":{"self":[{"href":"https:\/\/agriomac.com.br\/loja\/wp-json\/wp\/v2\/product\/2069","targetHints":{"allow":["GET"]}}],"collection":[{"href":"https:\/\/agriomac.com.br\/loja\/wp-json\/wp\/v2\/product"}],"about":[{"href":"https:\/\/agriomac.com.br\/loja\/wp-json\/wp\/v2\/types\/product"}],"replies":[{"embeddable":true,"href":"https:\/\/agriomac.com.br\/loja\/wp-json\/wp\/v2\/comments?post=2069"}],"version-history":[{"count":1,"href":"https:\/\/agriomac.com.br\/loja\/wp-json\/wp\/v2\/product\/2069\/revisions"}],"predecessor-version":[{"id":2070,"href":"https:\/\/agriomac.com.br\/loja\/wp-json\/wp\/v2\/product\/2069\/revisions\/2070"}],"wp:featuredmedia":[{"embeddable":true,"href":"https:\/\/agriomac.com.br\/loja\/wp-json\/wp\/v2\/media\/2101"}],"wp:attachment":[{"href":"https:\/\/agriomac.com.br\/loja\/wp-json\/wp\/v2\/media?parent=2069"}],"wp:term":[{"taxonomy":"product_brand","embeddable":true,"href":"https:\/\/agriomac.com.br\/loja\/wp-json\/wp\/v2\/product_brand?post=2069"},{"taxonomy":"product_cat","embeddable":true,"href":"https:\/\/agriomac.com.br\/loja\/wp-json\/wp\/v2\/product_cat?post=2069"},{"taxonomy":"product_tag","embeddable":true,"href":"https:\/\/agriomac.com.br\/loja\/wp-json\/wp\/v2\/product_tag?post=2069"}],"curies":[{"name":"wp","href":"https:\/\/api.w.org\/{rel}","templated":true}]}}