{"id":2075,"date":"2025-06-06T03:50:37","date_gmt":"2025-06-06T03:50:37","guid":{"rendered":"https:\/\/agriomac.com.br\/loja\/?post_type=product&#038;p=2075"},"modified":"2025-06-06T15:45:31","modified_gmt":"2025-06-06T15:45:31","slug":"terminal-c-90-f3-4jic-multicrimp-serie-bw-r1-r2-r17-r16-r12r4sp-cod240","status":"publish","type":"product","link":"https:\/\/agriomac.com.br\/loja\/produto\/terminal-c-90-f3-4jic-multicrimp-serie-bw-r1-r2-r17-r16-r12r4sp-cod240\/","title":{"rendered":"TERMINAL C 90 F3\/4&#8243;JIC MULTICRIMP SERIE BW R1\/R2\/R17\/R16\/R12R4SP &#8211; COD240"},"content":{"rendered":"<p data-start=\"4102\" data-end=\"4263\">Curva hidr\u00e1ulica com sistema Multicrimp compat\u00edvel com R1, R2, R17, R12 e 4SP. Utilizado para mudan\u00e7as de dire\u00e7\u00e3o em espa\u00e7os compactos.<\/p>\n<p data-start=\"4265\" data-end=\"4294\"><strong data-start=\"4265\" data-end=\"4294\">Caracter\u00edsticas t\u00e9cnicas:<\/strong><\/p>\n<ul data-start=\"4295\" data-end=\"4445\">\n<li data-start=\"4295\" data-end=\"4323\">\n<p data-start=\"4297\" data-end=\"4323\">Tipo: Terminal curvo 90\u00b0<\/p>\n<\/li>\n<li data-start=\"4324\" data-end=\"4343\">\n<p data-start=\"4326\" data-end=\"4343\">Rosca: JIC 3\/4&#8243;<\/p>\n<\/li>\n<li data-start=\"4344\" data-end=\"4386\">\n<p data-start=\"4346\" data-end=\"4386\">Mangueira: V\u00e1rios modelos (Multicrimp)<\/p>\n<\/li>\n<li data-start=\"4387\" data-end=\"4445\">\n<p data-start=\"4389\" data-end=\"4445\">Aplica\u00e7\u00f5es: Sistemas hidr\u00e1ulicos de m\u00e9dia e alta press\u00e3o<\/p>\n<\/li>\n<\/ul>\n","protected":false},"excerpt":{"rendered":"<p data-start=\"4007\" data-end=\"4100\">Terminal 90\u00b0 JIC 3\/4\u201d com sistema Multicrimp para mangueiras diversas.<\/p>\n<p data-start=\"4102\" data-end=\"4263\">\n","protected":false},"featured_media":2094,"comment_status":"open","ping_status":"closed","template":"","meta":{"_price":"11.78","_stock":"10","_tribe_ticket_header":"","_tribe_default_ticket_provider":"","_tribe_ticket_capacity":"10","_ticket_start_date":"","_ticket_end_date":"","_tribe_ticket_show_description":"","_tribe_ticket_show_not_going":false,"_tribe_ticket_use_global_stock":"","_tribe_ticket_global_stock_level":"","_global_stock_mode":"","_global_stock_cap":"","_tribe_rsvp_for_event":"","_tribe_ticket_going_count":"","_tribe_ticket_not_going_count":"","_tribe_tickets_list":"[]","_tribe_ticket_has_attendee_info_fields":false,"_EventAllDay":false,"_EventTimezone":"","_EventStartDate":"","_EventEndDate":"","_EventStartDateUTC":"","_EventEndDateUTC":"","_EventShowMap":false,"_EventShowMapLink":false,"_EventURL":"","_EventCost":"","_EventCostDescription":"","_EventCurrencySymbol":"","_EventCurrencyCode":"","_EventCurrencyPosition":"","_EventDateTimeSeparator":"","_EventTimeRangeSeparator":"","_EventOrganizerID":[],"_EventVenueID":[],"_OrganizerEmail":"","_OrganizerPhone":"","_OrganizerWebsite":"","_VenueAddress":"","_VenueCity":"","_VenueCountry":"","_VenueProvince":"","_VenueState":"","_VenueZip":"","_VenuePhone":"","_VenueURL":"","_VenueStateProvince":"","_VenueLat":"","_VenueLng":"","_VenueShowMap":false,"_VenueShowMapLink":false},"product_brand":[],"product_cat":[42],"product_tag":[],"class_list":{"0":"post-2075","1":"product","2":"type-product","3":"status-publish","4":"has-post-thumbnail","6":"product_cat-mangueiraseconexoes","8":"first","9":"instock","10":"shipping-taxable","11":"purchasable","12":"product-type-simple"},"jetpack_sharing_enabled":true,"_links":{"self":[{"href":"https:\/\/agriomac.com.br\/loja\/wp-json\/wp\/v2\/product\/2075","targetHints":{"allow":["GET"]}}],"collection":[{"href":"https:\/\/agriomac.com.br\/loja\/wp-json\/wp\/v2\/product"}],"about":[{"href":"https:\/\/agriomac.com.br\/loja\/wp-json\/wp\/v2\/types\/product"}],"replies":[{"embeddable":true,"href":"https:\/\/agriomac.com.br\/loja\/wp-json\/wp\/v2\/comments?post=2075"}],"version-history":[{"count":1,"href":"https:\/\/agriomac.com.br\/loja\/wp-json\/wp\/v2\/product\/2075\/revisions"}],"predecessor-version":[{"id":2076,"href":"https:\/\/agriomac.com.br\/loja\/wp-json\/wp\/v2\/product\/2075\/revisions\/2076"}],"wp:featuredmedia":[{"embeddable":true,"href":"https:\/\/agriomac.com.br\/loja\/wp-json\/wp\/v2\/media\/2094"}],"wp:attachment":[{"href":"https:\/\/agriomac.com.br\/loja\/wp-json\/wp\/v2\/media?parent=2075"}],"wp:term":[{"taxonomy":"product_brand","embeddable":true,"href":"https:\/\/agriomac.com.br\/loja\/wp-json\/wp\/v2\/product_brand?post=2075"},{"taxonomy":"product_cat","embeddable":true,"href":"https:\/\/agriomac.com.br\/loja\/wp-json\/wp\/v2\/product_cat?post=2075"},{"taxonomy":"product_tag","embeddable":true,"href":"https:\/\/agriomac.com.br\/loja\/wp-json\/wp\/v2\/product_tag?post=2075"}],"curies":[{"name":"wp","href":"https:\/\/api.w.org\/{rel}","templated":true}]}}