{"id":2087,"date":"2025-06-06T03:54:17","date_gmt":"2025-06-06T03:54:17","guid":{"rendered":"https:\/\/agriomac.com.br\/loja\/?post_type=product&#038;p=2087"},"modified":"2025-06-06T15:47:32","modified_gmt":"2025-06-06T15:47:32","slug":"terminal-c-90-f7-8jic-multicrimp-serie-bw-r1-r2-r17-r16-r12r4sp-cod241","status":"publish","type":"product","link":"https:\/\/agriomac.com.br\/loja\/produto\/terminal-c-90-f7-8jic-multicrimp-serie-bw-r1-r2-r17-r16-r12r4sp-cod241\/","title":{"rendered":"TERMINAL C 90 F7\/8&#8243;JIC MULTICRIMP SERIE BW R1\/R2\/R17\/R16\/R12R4SP &#8211; COD241"},"content":{"rendered":"<p data-start=\"2618\" data-end=\"2836\">Terminal hidr\u00e1ulico curvo 90\u00b0 com rosca f\u00eamea JIC 7\/8&#8243;, ideal para uso com mangueiras das s\u00e9ries R1, R2, R17, R16, R12 e 4SP. Design multicrimp permite maior compatibilidade e f\u00e1cil prensagem.<\/p>\n<p data-start=\"2838\" data-end=\"2867\"><strong data-start=\"2838\" data-end=\"2867\">Caracter\u00edsticas t\u00e9cnicas:<\/strong><\/p>\n<ul data-start=\"2868\" data-end=\"3024\">\n<li data-start=\"2868\" data-end=\"2887\">\n<p data-start=\"2870\" data-end=\"2887\">Tipo: Curvo 90\u00b0<\/p>\n<\/li>\n<li data-start=\"2888\" data-end=\"2907\">\n<p data-start=\"2890\" data-end=\"2907\">Rosca: JIC 7\/8&#8243;<\/p>\n<\/li>\n<li data-start=\"2908\" data-end=\"2965\">\n<p data-start=\"2910\" data-end=\"2965\">Mangueira: Multicrimp \u2013 3\/8&#8243; a 5\/8&#8243; (varia por s\u00e9rie)<\/p>\n<\/li>\n<li data-start=\"2966\" data-end=\"3024\">\n<p data-start=\"2968\" data-end=\"3024\">Aplica\u00e7\u00f5es: Sistemas hidr\u00e1ulicos industriais e agr\u00edcolas<\/p>\n<\/li>\n<\/ul>\n","protected":false},"excerpt":{"rendered":"<p data-start=\"2495\" data-end=\"2616\">Terminal curvo 90\u00b0 JIC 7\/8&#8243; com tecnologia Multicrimp \u2013 Compat\u00edvel com v\u00e1rias linhas de mangueira.<\/p>\n<p data-start=\"2618\" data-end=\"2836\">\n","protected":false},"featured_media":2095,"comment_status":"open","ping_status":"closed","template":"","meta":{"_price":"18.68","_stock":"10","_tribe_ticket_header":"","_tribe_default_ticket_provider":"","_tribe_ticket_capacity":"10","_ticket_start_date":"","_ticket_end_date":"","_tribe_ticket_show_description":"","_tribe_ticket_show_not_going":false,"_tribe_ticket_use_global_stock":"","_tribe_ticket_global_stock_level":"","_global_stock_mode":"","_global_stock_cap":"","_tribe_rsvp_for_event":"","_tribe_ticket_going_count":"","_tribe_ticket_not_going_count":"","_tribe_tickets_list":"[]","_tribe_ticket_has_attendee_info_fields":false,"_EventAllDay":false,"_EventTimezone":"","_EventStartDate":"","_EventEndDate":"","_EventStartDateUTC":"","_EventEndDateUTC":"","_EventShowMap":false,"_EventShowMapLink":false,"_EventURL":"","_EventCost":"","_EventCostDescription":"","_EventCurrencySymbol":"","_EventCurrencyCode":"","_EventCurrencyPosition":"","_EventDateTimeSeparator":"","_EventTimeRangeSeparator":"","_EventOrganizerID":[],"_EventVenueID":[],"_OrganizerEmail":"","_OrganizerPhone":"","_OrganizerWebsite":"","_VenueAddress":"","_VenueCity":"","_VenueCountry":"","_VenueProvince":"","_VenueState":"","_VenueZip":"","_VenuePhone":"","_VenueURL":"","_VenueStateProvince":"","_VenueLat":"","_VenueLng":"","_VenueShowMap":false,"_VenueShowMapLink":false},"product_brand":[],"product_cat":[42],"product_tag":[],"class_list":{"0":"post-2087","1":"product","2":"type-product","3":"status-publish","4":"has-post-thumbnail","6":"product_cat-mangueiraseconexoes","8":"first","9":"instock","10":"shipping-taxable","11":"purchasable","12":"product-type-simple"},"jetpack_sharing_enabled":true,"_links":{"self":[{"href":"https:\/\/agriomac.com.br\/loja\/wp-json\/wp\/v2\/product\/2087","targetHints":{"allow":["GET"]}}],"collection":[{"href":"https:\/\/agriomac.com.br\/loja\/wp-json\/wp\/v2\/product"}],"about":[{"href":"https:\/\/agriomac.com.br\/loja\/wp-json\/wp\/v2\/types\/product"}],"replies":[{"embeddable":true,"href":"https:\/\/agriomac.com.br\/loja\/wp-json\/wp\/v2\/comments?post=2087"}],"version-history":[{"count":1,"href":"https:\/\/agriomac.com.br\/loja\/wp-json\/wp\/v2\/product\/2087\/revisions"}],"predecessor-version":[{"id":2088,"href":"https:\/\/agriomac.com.br\/loja\/wp-json\/wp\/v2\/product\/2087\/revisions\/2088"}],"wp:featuredmedia":[{"embeddable":true,"href":"https:\/\/agriomac.com.br\/loja\/wp-json\/wp\/v2\/media\/2095"}],"wp:attachment":[{"href":"https:\/\/agriomac.com.br\/loja\/wp-json\/wp\/v2\/media?parent=2087"}],"wp:term":[{"taxonomy":"product_brand","embeddable":true,"href":"https:\/\/agriomac.com.br\/loja\/wp-json\/wp\/v2\/product_brand?post=2087"},{"taxonomy":"product_cat","embeddable":true,"href":"https:\/\/agriomac.com.br\/loja\/wp-json\/wp\/v2\/product_cat?post=2087"},{"taxonomy":"product_tag","embeddable":true,"href":"https:\/\/agriomac.com.br\/loja\/wp-json\/wp\/v2\/product_tag?post=2087"}],"curies":[{"name":"wp","href":"https:\/\/api.w.org\/{rel}","templated":true}]}}