{"id":2158,"date":"2025-06-10T22:46:51","date_gmt":"2025-06-10T22:46:51","guid":{"rendered":"https:\/\/agriomac.com.br\/loja\/?post_type=product&#038;p=2158"},"modified":"2025-06-10T23:29:01","modified_gmt":"2025-06-10T23:29:01","slug":"parafuso-arado-c-porca-t-a-ww-1-2-x-1-1-2-c-10un","status":"publish","type":"product","link":"https:\/\/agriomac.com.br\/loja\/produto\/parafuso-arado-c-porca-t-a-ww-1-2-x-1-1-2-c-10un\/","title":{"rendered":"PARAFUSO ARADO C\/PORCA T\/A WW 1\/2 X 1.1\/2 &#8211; C\/10UN"},"content":{"rendered":"<p data-start=\"4234\" data-end=\"4398\">Esse parafuso com rosca tipo WW (Whitworth) \u00e9 ideal para aplica\u00e7\u00f5es com padr\u00e3o americano, muito comum em implementos agr\u00edcolas importados.<\/p>\n<p data-start=\"4400\" data-end=\"4431\"><strong data-start=\"4400\" data-end=\"4429\">Caracter\u00edsticas t\u00e9cnicas:<\/strong><\/p>\n<ul data-start=\"4432\" data-end=\"4699\">\n<li data-start=\"4432\" data-end=\"4475\">\n<p data-start=\"4434\" data-end=\"4475\">Tipo: Parafuso com porca WW (Whitworth)<\/p>\n<\/li>\n<li data-start=\"4476\" data-end=\"4494\">\n<p data-start=\"4478\" data-end=\"4494\">Di\u00e2metro: 1\/2&#8243;<\/p>\n<\/li>\n<li data-start=\"4495\" data-end=\"4528\">\n<p data-start=\"4497\" data-end=\"4528\">Comprimento: 1.1\/2&#8243; (38,1 mm)<\/p>\n<\/li>\n<li data-start=\"4529\" data-end=\"4568\">\n<p data-start=\"4531\" data-end=\"4568\">Rosca: Whitworth (padr\u00e3o americano)<\/p>\n<\/li>\n<li data-start=\"4569\" data-end=\"4594\">\n<p data-start=\"4571\" data-end=\"4594\">Material: A\u00e7o carbono<\/p>\n<\/li>\n<li data-start=\"4595\" data-end=\"4618\">\n<p data-start=\"4597\" data-end=\"4618\">Acabamento: Zincado<\/p>\n<\/li>\n<li data-start=\"4619\" data-end=\"4671\">\n<p data-start=\"4621\" data-end=\"4671\">Aplica\u00e7\u00f5es: M\u00e1quinas e pe\u00e7as com padr\u00e3o imperial<\/p>\n<\/li>\n<li data-start=\"4672\" data-end=\"4699\">\n<p data-start=\"4674\" data-end=\"4699\">Embalagem: 10 conjuntos<\/p>\n<\/li>\n<\/ul>\n","protected":false},"excerpt":{"rendered":"<p data-start=\"4119\" data-end=\"4232\">Parafuso com porca tipo americana WW 1\/2&#8243; x 1.1\/2&#8243; \u2013 Encaixe padr\u00e3o imperial. 10 unidades.<\/p>\n<p data-start=\"4234\" data-end=\"4398\">\n","protected":false},"featured_media":2174,"comment_status":"open","ping_status":"closed","template":"","meta":{"_price":"30","_stock":"1","_tribe_ticket_header":"","_tribe_default_ticket_provider":"","_tribe_ticket_capacity":"1","_ticket_start_date":"","_ticket_end_date":"","_tribe_ticket_show_description":"","_tribe_ticket_show_not_going":false,"_tribe_ticket_use_global_stock":"","_tribe_ticket_global_stock_level":"","_global_stock_mode":"","_global_stock_cap":"","_tribe_rsvp_for_event":"","_tribe_ticket_going_count":"","_tribe_ticket_not_going_count":"","_tribe_tickets_list":"[]","_tribe_ticket_has_attendee_info_fields":false,"_EventAllDay":false,"_EventTimezone":"","_EventStartDate":"","_EventEndDate":"","_EventStartDateUTC":"","_EventEndDateUTC":"","_EventShowMap":false,"_EventShowMapLink":false,"_EventURL":"","_EventCost":"","_EventCostDescription":"","_EventCurrencySymbol":"","_EventCurrencyCode":"","_EventCurrencyPosition":"","_EventDateTimeSeparator":"","_EventTimeRangeSeparator":"","_EventOrganizerID":[],"_EventVenueID":[],"_OrganizerEmail":"","_OrganizerPhone":"","_OrganizerWebsite":"","_VenueAddress":"","_VenueCity":"","_VenueCountry":"","_VenueProvince":"","_VenueState":"","_VenueZip":"","_VenuePhone":"","_VenueURL":"","_VenueStateProvince":"","_VenueLat":"","_VenueLng":"","_VenueShowMap":false,"_VenueShowMapLink":false},"product_brand":[],"product_cat":[35],"product_tag":[],"class_list":{"0":"post-2158","1":"product","2":"type-product","3":"status-publish","4":"has-post-thumbnail","6":"product_cat-parafusoseporcas","8":"first","9":"instock","10":"shipping-taxable","11":"purchasable","12":"product-type-simple"},"jetpack_sharing_enabled":true,"_links":{"self":[{"href":"https:\/\/agriomac.com.br\/loja\/wp-json\/wp\/v2\/product\/2158","targetHints":{"allow":["GET"]}}],"collection":[{"href":"https:\/\/agriomac.com.br\/loja\/wp-json\/wp\/v2\/product"}],"about":[{"href":"https:\/\/agriomac.com.br\/loja\/wp-json\/wp\/v2\/types\/product"}],"replies":[{"embeddable":true,"href":"https:\/\/agriomac.com.br\/loja\/wp-json\/wp\/v2\/comments?post=2158"}],"version-history":[{"count":1,"href":"https:\/\/agriomac.com.br\/loja\/wp-json\/wp\/v2\/product\/2158\/revisions"}],"predecessor-version":[{"id":2159,"href":"https:\/\/agriomac.com.br\/loja\/wp-json\/wp\/v2\/product\/2158\/revisions\/2159"}],"wp:featuredmedia":[{"embeddable":true,"href":"https:\/\/agriomac.com.br\/loja\/wp-json\/wp\/v2\/media\/2174"}],"wp:attachment":[{"href":"https:\/\/agriomac.com.br\/loja\/wp-json\/wp\/v2\/media?parent=2158"}],"wp:term":[{"taxonomy":"product_brand","embeddable":true,"href":"https:\/\/agriomac.com.br\/loja\/wp-json\/wp\/v2\/product_brand?post=2158"},{"taxonomy":"product_cat","embeddable":true,"href":"https:\/\/agriomac.com.br\/loja\/wp-json\/wp\/v2\/product_cat?post=2158"},{"taxonomy":"product_tag","embeddable":true,"href":"https:\/\/agriomac.com.br\/loja\/wp-json\/wp\/v2\/product_tag?post=2158"}],"curies":[{"name":"wp","href":"https:\/\/api.w.org\/{rel}","templated":true}]}}