{"id":2180,"date":"2025-06-10T23:17:53","date_gmt":"2025-06-10T23:17:53","guid":{"rendered":"https:\/\/agriomac.com.br\/loja\/?post_type=product&#038;p=2180"},"modified":"2026-05-05T13:59:01","modified_gmt":"2026-05-05T13:59:01","slug":"parafuso-sx-g-5-nc-3-4-x-10-c-10un","status":"publish","type":"product","link":"https:\/\/agriomac.com.br\/loja\/produto\/parafuso-sx-g-5-nc-3-4-x-10-c-10un\/","title":{"rendered":"PARAFUSO SX G-5 NC 3\/4&#8243; X 10&#8243; &#8211; C\/10UN"},"content":{"rendered":"<p data-start=\"1771\" data-end=\"1995\">Com 10&#8243; de comprimento, este Parafuso Sextavado UNC 3\/4&#8243; \u00e9 projetado para fixa\u00e7\u00f5es profundas em estruturas agr\u00edcolas ou industriais. A classe G5 assegura resist\u00eancia \u00e0 tra\u00e7\u00e3o em ambientes exigentes.<\/p>\n<p data-start=\"1997\" data-end=\"2028\"><strong data-start=\"1997\" data-end=\"2026\">Caracter\u00edsticas t\u00e9cnicas:<\/strong><\/p>\n<ul data-start=\"2029\" data-end=\"2247\">\n<li data-start=\"2029\" data-end=\"2047\">\n<p data-start=\"2031\" data-end=\"2047\">Di\u00e2metro: 3\/4&#8243;<\/p>\n<\/li>\n<li data-start=\"2048\" data-end=\"2068\">\n<p data-start=\"2050\" data-end=\"2068\">Comprimento: 10&#8243;<\/p>\n<\/li>\n<li data-start=\"2069\" data-end=\"2083\">\n<p data-start=\"2071\" data-end=\"2083\">Rosca: UNC<\/p>\n<\/li>\n<li data-start=\"2084\" data-end=\"2098\">\n<p data-start=\"2086\" data-end=\"2098\">Classe: G5<\/p>\n<\/li>\n<li data-start=\"2099\" data-end=\"2124\">\n<p data-start=\"2101\" data-end=\"2124\">Material: A\u00e7o carbono<\/p>\n<\/li>\n<li data-start=\"2125\" data-end=\"2148\">\n<p data-start=\"2127\" data-end=\"2148\">Acabamento: Zincado<\/p>\n<\/li>\n<li data-start=\"2149\" data-end=\"2247\">\n<p data-start=\"2151\" data-end=\"2247\">Aplica\u00e7\u00f5es: Fixa\u00e7\u00f5es estruturais de grande profundidade, m\u00e1quinas e equipamentos de grande porte<\/p>\n<\/li>\n<\/ul>\n","protected":false},"excerpt":{"rendered":"<p data-start=\"1654\" data-end=\"1769\">Parafuso sextavado UNC 3\/4&#8243; x 10&#8243; \u2013 Classe G5, comprimento ideal para travamentos profundos.<\/p>\n<p data-start=\"1771\" data-end=\"1995\">\n","protected":false},"featured_media":2201,"comment_status":"open","ping_status":"closed","template":"","meta":{"_price":"320","_stock":"1","_tribe_ticket_header":"","_tribe_default_ticket_provider":"","_tribe_ticket_capacity":"1","_ticket_start_date":"","_ticket_end_date":"","_tribe_ticket_show_description":"","_tribe_ticket_show_not_going":false,"_tribe_ticket_use_global_stock":"","_tribe_ticket_global_stock_level":"","_global_stock_mode":"","_global_stock_cap":"","_tribe_rsvp_for_event":"","_tribe_ticket_going_count":"","_tribe_ticket_not_going_count":"","_tribe_tickets_list":"[]","_tribe_ticket_has_attendee_info_fields":false,"_EventAllDay":false,"_EventTimezone":"","_EventStartDate":"","_EventEndDate":"","_EventStartDateUTC":"","_EventEndDateUTC":"","_EventShowMap":false,"_EventShowMapLink":false,"_EventURL":"","_EventCost":"","_EventCostDescription":"","_EventCurrencySymbol":"","_EventCurrencyCode":"","_EventCurrencyPosition":"","_EventDateTimeSeparator":"","_EventTimeRangeSeparator":"","_EventOrganizerID":[],"_EventVenueID":[],"_OrganizerEmail":"","_OrganizerPhone":"","_OrganizerWebsite":"","_VenueAddress":"","_VenueCity":"","_VenueCountry":"","_VenueProvince":"","_VenueState":"","_VenueZip":"","_VenuePhone":"","_VenueURL":"","_VenueStateProvince":"","_VenueLat":"","_VenueLng":"","_VenueShowMap":false,"_VenueShowMapLink":false},"product_brand":[],"product_cat":[35],"product_tag":[],"class_list":{"0":"post-2180","1":"product","2":"type-product","3":"status-publish","4":"has-post-thumbnail","6":"product_cat-parafusoseporcas","8":"first","9":"instock","10":"shipping-taxable","11":"purchasable","12":"product-type-simple"},"jetpack_sharing_enabled":true,"_links":{"self":[{"href":"https:\/\/agriomac.com.br\/loja\/wp-json\/wp\/v2\/product\/2180","targetHints":{"allow":["GET"]}}],"collection":[{"href":"https:\/\/agriomac.com.br\/loja\/wp-json\/wp\/v2\/product"}],"about":[{"href":"https:\/\/agriomac.com.br\/loja\/wp-json\/wp\/v2\/types\/product"}],"replies":[{"embeddable":true,"href":"https:\/\/agriomac.com.br\/loja\/wp-json\/wp\/v2\/comments?post=2180"}],"version-history":[{"count":1,"href":"https:\/\/agriomac.com.br\/loja\/wp-json\/wp\/v2\/product\/2180\/revisions"}],"predecessor-version":[{"id":2181,"href":"https:\/\/agriomac.com.br\/loja\/wp-json\/wp\/v2\/product\/2180\/revisions\/2181"}],"wp:featuredmedia":[{"embeddable":true,"href":"https:\/\/agriomac.com.br\/loja\/wp-json\/wp\/v2\/media\/2201"}],"wp:attachment":[{"href":"https:\/\/agriomac.com.br\/loja\/wp-json\/wp\/v2\/media?parent=2180"}],"wp:term":[{"taxonomy":"product_brand","embeddable":true,"href":"https:\/\/agriomac.com.br\/loja\/wp-json\/wp\/v2\/product_brand?post=2180"},{"taxonomy":"product_cat","embeddable":true,"href":"https:\/\/agriomac.com.br\/loja\/wp-json\/wp\/v2\/product_cat?post=2180"},{"taxonomy":"product_tag","embeddable":true,"href":"https:\/\/agriomac.com.br\/loja\/wp-json\/wp\/v2\/product_tag?post=2180"}],"curies":[{"name":"wp","href":"https:\/\/api.w.org\/{rel}","templated":true}]}}